Last updated on 2025-02-17 07:50:43 CET.
Flavor | Version | Tinstall | Tcheck | Ttotal | Status | Flags |
---|---|---|---|---|---|---|
r-devel-linux-x86_64-debian-clang | 1.0.0 | 15.51 | 31.43 | 46.94 | NOTE | |
r-devel-linux-x86_64-debian-gcc | 1.0.0 | 11.82 | 23.41 | 35.23 | NOTE | |
r-devel-linux-x86_64-fedora-clang | 1.0.0 | 80.88 | OK | |||
r-devel-linux-x86_64-fedora-gcc | 1.0.0 | 81.18 | OK | |||
r-devel-macos-arm64 | 1.0.0 | 32.00 | OK | |||
r-devel-macos-x86_64 | 1.0.0 | 58.00 | OK | |||
r-devel-windows-x86_64 | 1.0.0 | 15.00 | 70.00 | 85.00 | NOTE | |
r-patched-linux-x86_64 | 1.0.0 | 17.02 | 29.87 | 46.89 | OK | |
r-release-linux-x86_64 | 1.0.0 | 15.86 | 29.94 | 45.80 | OK | |
r-release-macos-arm64 | 1.0.0 | 44.00 | OK | |||
r-release-macos-x86_64 | 1.0.0 | 84.00 | OK | |||
r-release-windows-x86_64 | 1.0.0 | 17.00 | 72.00 | 89.00 | OK | |
r-oldrel-macos-arm64 | 1.0.0 | 49.00 | OK | |||
r-oldrel-macos-x86_64 | 1.0.0 | 96.00 | OK | |||
r-oldrel-windows-x86_64 | 1.0.0 | 16.00 | 77.00 | 93.00 | OK |
Version: 1.0.0
Check: Rd cross-references
Result: NOTE
Found the following Rd file(s) with Rd \link{} targets missing package
anchors:
lhmm.Rd: statmod
Please provide package anchors for all Rd \link{} targets not in the
package itself and the base packages.
Flavors: r-devel-linux-x86_64-debian-clang, r-devel-linux-x86_64-debian-gcc, r-devel-windows-x86_64