Last updated on 2025-02-11 07:48:32 CET.
Flavor | Version | Tinstall | Tcheck | Ttotal | Status | Flags |
---|---|---|---|---|---|---|
r-devel-linux-x86_64-debian-clang | 1.0.2 | 1.44 | 15.31 | 16.75 | OK | |
r-devel-linux-x86_64-debian-gcc | 1.0.2 | 1.31 | 12.49 | 13.80 | OK | |
r-devel-linux-x86_64-fedora-clang | 1.0.2 | 27.68 | OK | |||
r-devel-linux-x86_64-fedora-gcc | 1.0.2 | 25.80 | OK | |||
r-devel-windows-x86_64 | 1.0.2 | 3.00 | 35.00 | 38.00 | OK | |
r-patched-linux-x86_64 | 1.0.2 | 1.54 | 14.90 | 16.44 | NOTE | |
r-release-linux-x86_64 | 1.0.2 | 1.33 | 14.63 | 15.96 | NOTE | |
r-release-macos-arm64 | 1.0.2 | 14.00 | NOTE | |||
r-release-macos-x86_64 | 1.0.2 | 21.00 | NOTE | |||
r-release-windows-x86_64 | 1.0.2 | 2.00 | 35.00 | 37.00 | NOTE | |
r-oldrel-macos-arm64 | 1.0.2 | 17.00 | NOTE | |||
r-oldrel-macos-x86_64 | 1.0.2 | 19.00 | NOTE | |||
r-oldrel-windows-x86_64 | 1.0.2 | 3.00 | 34.00 | 37.00 | NOTE |
Version: 1.0.2
Check: LazyData
Result: NOTE
'LazyData' is specified without a 'data' directory
Flavors: r-patched-linux-x86_64, r-release-linux-x86_64, r-release-macos-arm64, r-release-macos-x86_64, r-release-windows-x86_64, r-oldrel-macos-arm64, r-oldrel-macos-x86_64, r-oldrel-windows-x86_64