Last updated on 2025-11-04 07:50:03 CET.
| Flavor | Version | Tinstall | Tcheck | Ttotal | Status | Flags | 
|---|---|---|---|---|---|---|
| r-devel-linux-x86_64-debian-clang | 0.2.0 | 1.64 | 38.52 | 40.16 | NOTE | |
| r-devel-linux-x86_64-debian-gcc | 0.2.0 | 1.38 | 28.05 | 29.43 | NOTE | |
| r-devel-linux-x86_64-fedora-clang | 0.2.0 | 60.93 | OK | |||
| r-devel-linux-x86_64-fedora-gcc | 0.2.0 | 72.27 | OK | |||
| r-devel-windows-x86_64 | 0.2.0 | 3.00 | 62.00 | 65.00 | OK | |
| r-patched-linux-x86_64 | 0.2.0 | 1.87 | 36.09 | 37.96 | OK | |
| r-release-linux-x86_64 | 0.2.0 | 1.67 | 36.19 | 37.86 | OK | |
| r-release-macos-arm64 | 0.2.0 | 1.00 | 26.00 | 27.00 | OK | |
| r-release-macos-x86_64 | 0.2.0 | 2.00 | 59.00 | 61.00 | OK | |
| r-release-windows-x86_64 | 0.2.0 | 3.00 | 62.00 | 65.00 | OK | |
| r-oldrel-macos-arm64 | 0.2.0 | 1.00 | 27.00 | 28.00 | OK | |
| r-oldrel-macos-x86_64 | 0.2.0 | 2.00 | 45.00 | 47.00 | OK | |
| r-oldrel-windows-x86_64 | 0.2.0 | 3.00 | 73.00 | 76.00 | OK | 
Version: 0.2.0
Check: CRAN incoming feasibility
Result: NOTE
  Maintainer: ‘David Schruth <data@anthropoidea.org>’
  
  No Authors@R field in DESCRIPTION.
  Please add one, modifying
    Authors@R: c(person(given = "David",
                        family = "Schruth",
                        role = "cre",
                        email = "data@anthropoidea.org"),
                 person(given = "Marc",
                        family = "Myers",
                        role = "ctb"),
                 person(given = "Noel",
                        family = "Rowe",
                        role = "aut"))
  as necessary.
Flavors: r-devel-linux-x86_64-debian-clang, r-devel-linux-x86_64-debian-gcc