Last updated on 2024-05-09 07:56:55 CEST.
Flavor | Version | Tinstall | Tcheck | Ttotal | Status | Flags |
---|---|---|---|---|---|---|
r-devel-linux-x86_64-debian-clang | 1.0.21 | 3.86 | 67.20 | 71.06 | NOTE | |
r-devel-linux-x86_64-debian-gcc | 1.0.21 | 3.06 | 49.95 | 53.01 | NOTE | |
r-devel-linux-x86_64-fedora-clang | 1.0.21 | 89.83 | NOTE | |||
r-devel-linux-x86_64-fedora-gcc | 1.0.21 | 109.39 | NOTE | |||
r-devel-windows-x86_64 | 1.0.21 | 4.00 | 239.00 | 243.00 | NOTE | |
r-patched-linux-x86_64 | 1.0.21 | 4.39 | 64.40 | 68.79 | NOTE | |
r-release-linux-x86_64 | 1.0.21 | 3.76 | 65.63 | 69.39 | NOTE | |
r-release-macos-arm64 | 1.0.21 | 48.00 | NOTE | |||
r-release-windows-x86_64 | 1.0.21 | 4.00 | 74.00 | 78.00 | NOTE | |
r-oldrel-macos-arm64 | 1.0.21 | 39.00 | OK | |||
r-oldrel-macos-x86_64 | 1.0.21 | 62.00 | OK | |||
r-oldrel-windows-x86_64 | 1.0.21 | 5.00 | 238.00 | 243.00 | OK |
Version: 1.0.21
Check: Rd files
Result: NOTE
checkRd: (-1) prim.box.Rd:66: Lost braces in \itemize; meant \describe ?
checkRd: (-1) prim.box.Rd:68: Lost braces in \itemize; meant \describe ?
checkRd: (-1) prim.box.Rd:70: Lost braces in \itemize; meant \describe ?
Flavors: r-devel-linux-x86_64-debian-clang, r-devel-linux-x86_64-debian-gcc, r-devel-linux-x86_64-fedora-clang, r-devel-linux-x86_64-fedora-gcc, r-devel-windows-x86_64, r-patched-linux-x86_64, r-release-linux-x86_64, r-release-macos-arm64, r-release-windows-x86_64