Last updated on 2024-05-11 07:51:39 CEST.
Flavor | Version | Tinstall | Tcheck | Ttotal | Status | Flags |
---|---|---|---|---|---|---|
r-devel-linux-x86_64-debian-clang | 2.0.1 | 17.89 | 50.30 | 68.19 | OK | |
r-devel-linux-x86_64-debian-gcc | 2.0.1 | 12.91 | 39.88 | 52.79 | OK | |
r-devel-linux-x86_64-fedora-clang | 2.0.1 | 84.69 | OK | |||
r-devel-linux-x86_64-fedora-gcc | 2.0.1 | 100.35 | OK | |||
r-devel-windows-x86_64 | 2.0.1 | 17.00 | 61.00 | 78.00 | OK | |
r-patched-linux-x86_64 | 2.0.1 | 17.47 | 49.06 | 66.53 | OK | |
r-release-linux-x86_64 | 2.0.1 | 14.55 | 48.13 | 62.68 | OK | |
r-release-macos-arm64 | 2.0.1 | 44.00 | NOTE | |||
r-release-windows-x86_64 | 2.0.1 | 17.00 | 60.00 | 77.00 | OK | |
r-oldrel-macos-arm64 | 2.0.1 | 37.00 | NOTE | |||
r-oldrel-macos-x86_64 | 2.0.1 | 87.00 | NOTE | |||
r-oldrel-windows-x86_64 | 2.0.1 | 21.00 | 62.00 | 83.00 | OK |
Version: 2.0.1
Check: installed package size
Result: NOTE
installed size is 5.9Mb
sub-directories of 1Mb or more:
R 3.0Mb
data 2.8Mb
Flavors: r-release-macos-arm64, r-oldrel-macos-arm64, r-oldrel-macos-x86_64