Last updated on 2025-02-19 07:53:55 CET.
Flavor | Version | Tinstall | Tcheck | Ttotal | Status | Flags |
---|---|---|---|---|---|---|
r-devel-linux-x86_64-debian-clang | 0.3.18 | 5.80 | 39.65 | 45.45 | OK | |
r-devel-linux-x86_64-debian-gcc | 0.3.18 | 3.42 | 27.63 | 31.05 | OK | |
r-devel-linux-x86_64-fedora-clang | 0.3.18 | 74.89 | OK | |||
r-devel-linux-x86_64-fedora-gcc | 0.3.18 | 93.06 | OK | |||
r-devel-macos-arm64 | 0.3.18 | 31.00 | OK | |||
r-devel-macos-x86_64 | 0.3.18 | 60.00 | OK | |||
r-devel-windows-x86_64 | 0.3.18 | 7.00 | 70.00 | 77.00 | OK | |
r-patched-linux-x86_64 | 0.3.18 | 4.97 | 36.83 | 41.80 | OK | |
r-release-linux-x86_64 | 0.3.18 | 4.61 | 36.79 | 41.40 | OK | |
r-release-macos-arm64 | 0.3.18 | 41.00 | OK | |||
r-release-macos-x86_64 | 0.3.18 | 82.00 | OK | |||
r-release-windows-x86_64 | 0.3.18 | 5.00 | 56.00 | 61.00 | WARN | |
r-oldrel-macos-arm64 | 0.3.18 | 46.00 | OK | |||
r-oldrel-macos-x86_64 | 0.3.18 | 88.00 | OK | |||
r-oldrel-windows-x86_64 | 0.3.18 | 5.00 | 99.00 | 104.00 | OK |
Version: 0.3.18
Check: for unstated dependencies in ‘tests’
Result: WARN
Warning: unable to access index for repository https://bioconductor.statistik.tu-dortmund.de/3.20/bioc/src/contrib:
cannot open URL 'https://bioconductor.statistik.tu-dortmund.de/3.20/bioc/src/contrib/PACKAGES'
Warning: unable to access index for repository https://bioconductor.statistik.tu-dortmund.de/3.20/data/annotation/src/contrib:
cannot open URL 'https://bioconductor.statistik.tu-dortmund.de/3.20/data/annotation/src/contrib/PACKAGES'
Warning: unable to access index for repository https://bioconductor.statistik.tu-dortmund.de/3.20/data/experiment/src/contrib:
cannot open URL 'https://bioconductor.statistik.tu-dortmund.de/3.20/data/experiment/src/contrib/PACKAGES'
Flavor: r-release-windows-x86_64