Last updated on 2025-02-17 07:50:43 CET.
Flavor | Version | Tinstall | Tcheck | Ttotal | Status | Flags |
---|---|---|---|---|---|---|
r-devel-linux-x86_64-debian-clang | 0.3.3 | 44.91 | 68.85 | 113.76 | OK | |
r-devel-linux-x86_64-debian-gcc | 0.3.3 | 32.78 | 49.95 | 82.73 | OK | |
r-devel-linux-x86_64-fedora-clang | 0.3.3 | 200.38 | OK | |||
r-devel-linux-x86_64-fedora-gcc | 0.3.3 | 194.45 | OK | |||
r-devel-macos-arm64 | 0.3.3 | 49.00 | OK | |||
r-devel-macos-x86_64 | 0.3.3 | 100.00 | OK | |||
r-devel-windows-x86_64 | 0.3.3 | 48.00 | 102.00 | 150.00 | OK | |
r-patched-linux-x86_64 | 0.3.3 | 48.44 | 63.83 | 112.27 | OK | |
r-release-linux-x86_64 | 0.3.3 | 47.41 | 64.23 | 111.64 | OK | |
r-release-macos-arm64 | 0.3.3 | 49.00 | NOTE | |||
r-release-macos-x86_64 | 0.3.3 | 75.00 | NOTE | |||
r-release-windows-x86_64 | 0.3.3 | 48.00 | 113.00 | 161.00 | OK | |
r-oldrel-macos-arm64 | 0.3.3 | 56.00 | NOTE | |||
r-oldrel-macos-x86_64 | 0.3.3 | 120.00 | NOTE | |||
r-oldrel-windows-x86_64 | 0.3.3 | 60.00 | 122.00 | 182.00 | OK |
Version: 0.3.3
Check: installed package size
Result: NOTE
installed size is 6.4Mb
sub-directories of 1Mb or more:
libs 6.1Mb
Flavors: r-release-macos-arm64, r-release-macos-x86_64, r-oldrel-macos-arm64, r-oldrel-macos-x86_64