Last updated on 2025-02-06 07:50:43 CET.
Flavor | Version | Tinstall | Tcheck | Ttotal | Status | Flags |
---|---|---|---|---|---|---|
r-devel-linux-x86_64-debian-clang | 1.1.2 | 17.76 | 127.09 | 144.85 | NOTE | |
r-devel-linux-x86_64-debian-gcc | 1.1.2 | 12.20 | 83.48 | 95.68 | NOTE | |
r-devel-linux-x86_64-fedora-clang | 1.1.2 | 227.73 | OK | |||
r-devel-linux-x86_64-fedora-gcc | 1.1.2 | 212.35 | OK | |||
r-devel-windows-x86_64 | 1.1.2 | 18.00 | 132.00 | 150.00 | NOTE | |
r-patched-linux-x86_64 | 1.1.2 | 20.03 | 116.99 | 137.02 | OK | |
r-release-linux-x86_64 | 1.1.2 | 15.76 | 114.57 | 130.33 | OK | |
r-release-macos-arm64 | 1.1.2 | 60.00 | OK | |||
r-release-macos-x86_64 | 1.1.2 | 88.00 | OK | |||
r-release-windows-x86_64 | 1.1.2 | 18.00 | 137.00 | 155.00 | OK | |
r-oldrel-macos-arm64 | 1.1.2 | 61.00 | OK | |||
r-oldrel-macos-x86_64 | 1.1.2 | 106.00 | OK | |||
r-oldrel-windows-x86_64 | 1.1.2 | 22.00 | 150.00 | 172.00 | OK |
Version: 1.1.2
Check: Rd cross-references
Result: NOTE
Found the following Rd file(s) with Rd \link{} targets missing package
anchors:
p_dfa_xerrors2.Rd: hcubature
Please provide package anchors for all Rd \link{} targets not in the
package itself and the base packages.
Flavors: r-devel-linux-x86_64-debian-clang, r-devel-linux-x86_64-debian-gcc, r-devel-windows-x86_64