Last updated on 2025-11-04 07:50:03 CET.
| Flavor | Version | Tinstall | Tcheck | Ttotal | Status | Flags | 
|---|---|---|---|---|---|---|
| r-devel-linux-x86_64-debian-clang | 1.0.0 | 11.83 | 91.38 | 103.21 | NOTE | |
| r-devel-linux-x86_64-debian-gcc | 1.0.0 | 7.86 | 65.33 | 73.19 | NOTE | |
| r-devel-linux-x86_64-fedora-clang | 1.0.0 | 29.00 | 131.39 | 160.39 | OK | |
| r-devel-linux-x86_64-fedora-gcc | 1.0.0 | 21.00 | 126.72 | 147.72 | OK | |
| r-devel-windows-x86_64 | 1.0.0 | 12.00 | 91.00 | 103.00 | OK | |
| r-patched-linux-x86_64 | 1.0.0 | 10.75 | 86.49 | 97.24 | OK | |
| r-release-linux-x86_64 | 1.0.0 | 9.99 | 85.77 | 95.76 | OK | |
| r-release-macos-arm64 | 1.0.0 | 5.00 | 41.00 | 46.00 | OK | |
| r-release-macos-x86_64 | 1.0.0 | 9.00 | 62.00 | 71.00 | OK | |
| r-release-windows-x86_64 | 1.0.0 | 12.00 | 90.00 | 102.00 | OK | |
| r-oldrel-macos-arm64 | 1.0.0 | 4.00 | 37.00 | 41.00 | NOTE | |
| r-oldrel-macos-x86_64 | 1.0.0 | 7.00 | 62.00 | 69.00 | NOTE | |
| r-oldrel-windows-x86_64 | 1.0.0 | 16.00 | 115.00 | 131.00 | NOTE | 
Version: 1.0.0
Check: CRAN incoming feasibility
Result: NOTE
  Maintainer: ‘Stefano Nembrini <stefanonembrini@gmail.com>’
  
  No Authors@R field in DESCRIPTION.
  Please add one, modifying
    Authors@R: person(given = "Stefano",
                      family = "Nembrini",
                      role = c("aut", "cre"),
                      email = "stefanonembrini@gmail.com")
  as necessary.
Flavors: r-devel-linux-x86_64-debian-clang, r-devel-linux-x86_64-debian-gcc
Version: 1.0.0
Check: LazyData
Result: NOTE
    'LazyData' is specified without a 'data' directory
Flavors: r-oldrel-macos-arm64, r-oldrel-macos-x86_64, r-oldrel-windows-x86_64