Last updated on 2025-02-22 07:51:42 CET.
Flavor | Version | Tinstall | Tcheck | Ttotal | Status | Flags |
---|---|---|---|---|---|---|
r-devel-linux-x86_64-debian-clang | 1.0.0 | 71.78 | 90.56 | 162.34 | OK | |
r-devel-linux-x86_64-debian-gcc | 1.0.0 | 54.09 | 61.08 | 115.17 | OK | |
r-devel-linux-x86_64-fedora-clang | 1.0.0 | 279.55 | OK | |||
r-devel-linux-x86_64-fedora-gcc | 1.0.0 | 307.79 | OK | |||
r-devel-macos-x86_64 | 1.0.0 | 116.00 | OK | |||
r-patched-linux-x86_64 | 1.0.0 | 73.92 | 84.58 | 158.50 | OK | |
r-release-linux-x86_64 | 1.0.0 | 76.43 | 85.82 | 162.25 | OK | |
r-release-macos-x86_64 | 1.0.0 | 165.00 | NOTE | |||
r-release-windows-x86_64 | 1.0.0 | 74.00 | 152.00 | 226.00 | OK | |
r-oldrel-macos-x86_64 | 1.0.0 | 132.00 | NOTE | |||
r-oldrel-windows-x86_64 | 1.0.0 | 90.00 | 180.00 | 270.00 | OK |
Version: 1.0.0
Check: installed package size
Result: NOTE
installed size is 7.1Mb
sub-directories of 1Mb or more:
libs 6.8Mb
Flavors: r-release-macos-x86_64, r-oldrel-macos-x86_64