Last updated on 2024-07-26 07:51:58 CEST.
Flavor | Version | Tinstall | Tcheck | Ttotal | Status | Flags |
---|---|---|---|---|---|---|
r-devel-linux-x86_64-debian-clang | 1.5.1 | 34.85 | 268.57 | 303.42 | OK | |
r-devel-linux-x86_64-debian-gcc | 1.5.1 | 27.74 | 191.00 | 218.74 | NOTE | |
r-devel-linux-x86_64-fedora-clang | 1.5.1 | 375.45 | OK | |||
r-devel-linux-x86_64-fedora-gcc | 1.5.1 | 357.48 | OK | |||
r-devel-windows-x86_64 | 1.5.1 | 30.00 | 198.00 | 228.00 | NOTE | |
r-patched-linux-x86_64 | 1.5.1 | OK | ||||
r-release-linux-x86_64 | 1.5.1 | 23.12 | 253.44 | 276.56 | OK | |
r-release-macos-arm64 | 1.5.1 | 90.00 | OK | |||
r-release-macos-x86_64 | 1.5.1 | 144.00 | OK | |||
r-release-windows-x86_64 | 1.5.1 | 30.00 | 196.00 | 226.00 | OK | |
r-oldrel-macos-arm64 | 1.5.1 | 93.00 | OK | |||
r-oldrel-macos-x86_64 | 1.5.1 | 170.00 | OK | |||
r-oldrel-windows-x86_64 | 1.5.1 | 41.00 | 251.00 | 292.00 | OK |
Version: 1.5.1
Check: Rd cross-references
Result: NOTE
Found the following Rd file(s) with Rd \link{} targets missing package
anchors:
signpred.Rd: visweb
Please provide package anchors for all Rd \link{} targets not in the
package itself and the base packages.
Flavors: r-devel-linux-x86_64-debian-gcc, r-devel-windows-x86_64