Last updated on 2025-05-09 07:51:03 CEST.
Flavor | Version | Tinstall | Tcheck | Ttotal | Status | Flags |
---|---|---|---|---|---|---|
r-devel-linux-x86_64-debian-clang | 1.0.4 | 1.91 | 20.32 | 22.23 | NOTE | |
r-devel-linux-x86_64-debian-gcc | 1.0.4 | 1.58 | 16.37 | 17.95 | NOTE | |
r-devel-linux-x86_64-fedora-clang | 1.0.4 | 35.59 | OK | |||
r-devel-linux-x86_64-fedora-gcc | 1.0.4 | 33.62 | OK | |||
r-devel-windows-x86_64 | 1.0.4 | 3.00 | 42.00 | 45.00 | OK | |
r-patched-linux-x86_64 | 1.0.4 | 2.30 | 19.63 | 21.93 | OK | |
r-release-linux-x86_64 | 1.0.4 | 1.90 | 19.43 | 21.33 | OK | |
r-release-macos-arm64 | 1.0.4 | 16.00 | OK | |||
r-release-macos-x86_64 | 1.0.4 | 25.00 | OK | |||
r-release-windows-x86_64 | 1.0.4 | 4.00 | 48.00 | 52.00 | OK | |
r-oldrel-macos-arm64 | 1.0.4 | 17.00 | OK | |||
r-oldrel-macos-x86_64 | 1.0.4 | 21.00 | OK | |||
r-oldrel-windows-x86_64 | 1.0.4 | 3.00 | 42.00 | 45.00 | OK |
Version: 1.0.4
Check: CRAN incoming feasibility
Result: NOTE
Maintainer: ‘Stephen Milborrow <milbo@sonic.net>’
No Authors@R field in DESCRIPTION.
Please add one, modifying
Authors@R: person(given = "Stephen",
family = "Milborrow",
role = c("aut", "cre"),
email = "milbo@sonic.net")
as necessary.
Flavors: r-devel-linux-x86_64-debian-clang, r-devel-linux-x86_64-debian-gcc