Last updated on 2025-02-17 07:50:43 CET.
Flavor | Version | Tinstall | Tcheck | Ttotal | Status | Flags |
---|---|---|---|---|---|---|
r-devel-linux-x86_64-debian-clang | 0.1.9 | 7.89 | 60.43 | 68.32 | OK | |
r-devel-linux-x86_64-debian-gcc | 0.1.9 | 5.90 | 41.26 | 47.16 | OK | |
r-devel-linux-x86_64-fedora-clang | 0.1.9 | 110.60 | OK | |||
r-devel-linux-x86_64-fedora-gcc | 0.1.9 | 103.44 | OK | |||
r-devel-macos-arm64 | 0.1.9 | 33.00 | OK | |||
r-devel-macos-x86_64 | 0.1.9 | 59.00 | OK | |||
r-devel-windows-x86_64 | 0.1.9 | 10.00 | 88.00 | 98.00 | OK | |
r-patched-linux-x86_64 | 0.1.9 | 8.24 | 54.73 | 62.97 | NOTE | |
r-release-linux-x86_64 | 0.1.9 | 6.74 | 54.79 | 61.53 | NOTE | |
r-release-macos-arm64 | 0.1.9 | 33.00 | NOTE | |||
r-release-macos-x86_64 | 0.1.9 | 46.00 | NOTE | |||
r-release-windows-x86_64 | 0.1.9 | 10.00 | 84.00 | 94.00 | NOTE | |
r-oldrel-macos-arm64 | 0.1.9 | 34.00 | NOTE | |||
r-oldrel-macos-x86_64 | 0.1.9 | 52.00 | NOTE | |||
r-oldrel-windows-x86_64 | 0.1.9 | 12.00 | 120.00 | 132.00 | NOTE |
Version: 0.1.9
Check: LazyData
Result: NOTE
'LazyData' is specified without a 'data' directory
Flavors: r-patched-linux-x86_64, r-release-linux-x86_64, r-release-macos-arm64, r-release-macos-x86_64, r-release-windows-x86_64, r-oldrel-macos-arm64, r-oldrel-macos-x86_64, r-oldrel-windows-x86_64