Last updated on 2025-07-18 07:49:39 CEST.
Flavor | Version | Tinstall | Tcheck | Ttotal | Status | Flags |
---|---|---|---|---|---|---|
r-devel-linux-x86_64-debian-clang | 0.1.0 | 7.80 | 57.37 | 65.17 | OK | |
r-devel-linux-x86_64-debian-gcc | 0.1.0 | 5.05 | 41.43 | 46.48 | OK | |
r-devel-linux-x86_64-fedora-clang | 0.1.0 | 93.13 | NOTE | |||
r-devel-linux-x86_64-fedora-gcc | 0.1.0 | 89.74 | NOTE | |||
r-devel-windows-x86_64 | 0.1.0 | 11.00 | 71.00 | 82.00 | OK | |
r-patched-linux-x86_64 | 0.1.0 | 7.59 | 50.13 | 57.72 | OK | |
r-release-linux-x86_64 | 0.1.0 | 6.81 | 50.86 | 57.67 | OK | |
r-release-macos-arm64 | 0.1.0 | 31.00 | OK | |||
r-release-macos-x86_64 | 0.1.0 | 67.00 | OK | |||
r-release-windows-x86_64 | 0.1.0 | 11.00 | 69.00 | 80.00 | OK | |
r-oldrel-macos-arm64 | 0.1.0 | 30.00 | OK | |||
r-oldrel-macos-x86_64 | 0.1.0 | 43.00 | OK | |||
r-oldrel-windows-x86_64 | 0.1.0 | 13.00 | 86.00 | 99.00 | OK |
Version: 0.1.0
Check: dependencies in R code
Result: NOTE
Namespace in Imports field not imported from: ‘mapproj’
All declared Imports should be used.
Flavors: r-devel-linux-x86_64-fedora-clang, r-devel-linux-x86_64-fedora-gcc