Last updated on 2024-05-13 07:50:11 CEST.
Flavor | Version | Tinstall | Tcheck | Ttotal | Status | Flags |
---|---|---|---|---|---|---|
r-devel-linux-x86_64-debian-clang | 0.32.10 | 12.37 | 78.85 | 91.22 | NOTE | |
r-devel-linux-x86_64-debian-gcc | 0.32.10 | 9.04 | 56.38 | 65.42 | NOTE | |
r-devel-linux-x86_64-fedora-clang | 0.32.10 | 114.73 | NOTE | |||
r-devel-linux-x86_64-fedora-gcc | 0.32.10 | 129.04 | NOTE | |||
r-devel-windows-x86_64 | 0.32.10 | 11.00 | 90.00 | 101.00 | NOTE | |
r-patched-linux-x86_64 | 0.32.10 | 14.63 | 72.74 | 87.37 | NOTE | |
r-release-linux-x86_64 | 0.32.10 | 12.74 | 71.74 | 84.48 | NOTE | |
r-release-macos-arm64 | 0.32.10 | 34.00 | NOTE | |||
r-release-windows-x86_64 | 0.32.10 | 14.00 | 90.00 | 104.00 | NOTE | |
r-oldrel-macos-arm64 | 0.32.10 | 34.00 | OK | |||
r-oldrel-macos-x86_64 | 0.32.10 | 99.00 | OK | |||
r-oldrel-windows-x86_64 | 0.32.10 | 13.00 | 100.00 | 113.00 | OK |
Version: 0.32.10
Check: Rd files
Result: NOTE
checkRd: (-1) write.pkgbib.Rd:44: Lost braces; missing escapes or markup?
44 | The Old version of this function {write.bib} has now been integrated
| ^
Flavors: r-devel-linux-x86_64-debian-clang, r-devel-linux-x86_64-debian-gcc, r-devel-linux-x86_64-fedora-clang, r-devel-linux-x86_64-fedora-gcc, r-devel-windows-x86_64, r-patched-linux-x86_64, r-release-linux-x86_64, r-release-macos-arm64, r-release-windows-x86_64
Version: 0.32.10
Check: HTML version of manual
Result: NOTE
Found the following HTML validation problems:
options.html:83:1 (options.Rd:36): Warning: trimming empty <dt>
Flavors: r-devel-linux-x86_64-debian-clang, r-devel-linux-x86_64-debian-gcc, r-devel-linux-x86_64-fedora-clang, r-devel-linux-x86_64-fedora-gcc, r-devel-windows-x86_64, r-patched-linux-x86_64, r-release-linux-x86_64, r-release-windows-x86_64