Last updated on 2025-02-19 07:53:54 CET.
Flavor | Version | Tinstall | Tcheck | Ttotal | Status | Flags |
---|---|---|---|---|---|---|
r-devel-linux-x86_64-debian-clang | 2.0.3 | 1.29 | 18.49 | 19.78 | OK | |
r-devel-linux-x86_64-debian-gcc | 2.0.3 | 1.12 | 15.42 | 16.54 | OK | |
r-devel-linux-x86_64-fedora-clang | 2.0.3 | 32.79 | OK | |||
r-devel-linux-x86_64-fedora-gcc | 2.0.3 | 30.35 | OK | |||
r-devel-macos-arm64 | 2.0.3 | 14.00 | OK | |||
r-devel-macos-x86_64 | 2.0.3 | 27.00 | OK | |||
r-devel-windows-x86_64 | 2.0.3 | 3.00 | 47.00 | 50.00 | OK | |
r-patched-linux-x86_64 | 2.0.3 | 1.23 | 17.58 | 18.81 | NOTE | |
r-release-linux-x86_64 | 2.0.3 | 1.20 | 17.58 | 18.78 | NOTE | |
r-release-macos-arm64 | 2.0.3 | 19.00 | NOTE | |||
r-release-macos-x86_64 | 2.0.3 | 21.00 | NOTE | |||
r-release-windows-x86_64 | 2.0.3 | 4.00 | 46.00 | 50.00 | WARN | |
r-oldrel-macos-arm64 | 2.0.3 | 17.00 | NOTE | |||
r-oldrel-macos-x86_64 | 2.0.3 | 19.00 | NOTE | |||
r-oldrel-windows-x86_64 | 2.0.3 | 4.00 | 78.00 | 82.00 | NOTE |
Version: 2.0.3
Check: LazyData
Result: NOTE
'LazyData' is specified without a 'data' directory
Flavors: r-patched-linux-x86_64, r-release-linux-x86_64, r-release-macos-arm64, r-release-macos-x86_64, r-release-windows-x86_64, r-oldrel-macos-arm64, r-oldrel-macos-x86_64, r-oldrel-windows-x86_64
Version: 2.0.3
Check: for unstated dependencies in ‘tests’
Result: WARN
Warning: unable to access index for repository https://bioconductor.statistik.tu-dortmund.de/3.20/bioc/src/contrib:
cannot open URL 'https://bioconductor.statistik.tu-dortmund.de/3.20/bioc/src/contrib/PACKAGES'
Warning: unable to access index for repository https://bioconductor.statistik.tu-dortmund.de/3.20/data/annotation/src/contrib:
cannot open URL 'https://bioconductor.statistik.tu-dortmund.de/3.20/data/annotation/src/contrib/PACKAGES'
Warning: unable to access index for repository https://bioconductor.statistik.tu-dortmund.de/3.20/data/experiment/src/contrib:
cannot open URL 'https://bioconductor.statistik.tu-dortmund.de/3.20/data/experiment/src/contrib/PACKAGES'
Flavor: r-release-windows-x86_64