Last updated on 2025-10-24 07:49:58 CEST.
| Flavor | Version | Tinstall | Tcheck | Ttotal | Status | Flags |
|---|---|---|---|---|---|---|
| r-devel-linux-x86_64-debian-clang | 0.1.0 | 1.69 | 27.48 | 29.17 | NOTE | |
| r-devel-linux-x86_64-debian-gcc | 0.1.0 | 1.34 | 21.51 | 22.85 | NOTE | |
| r-devel-linux-x86_64-fedora-clang | 0.1.0 | 43.42 | OK | |||
| r-devel-linux-x86_64-fedora-gcc | 0.1.0 | 57.31 | OK | |||
| r-devel-windows-x86_64 | 0.1.0 | 3.00 | 45.00 | 48.00 | OK | |
| r-patched-linux-x86_64 | 0.1.0 | 1.55 | 25.72 | 27.27 | OK | |
| r-release-linux-x86_64 | 0.1.0 | 1.47 | 26.09 | 27.56 | OK | |
| r-release-macos-arm64 | 0.1.0 | 1.00 | 34.00 | 35.00 | OK | |
| r-release-macos-x86_64 | 0.1.0 | 2.00 | 41.00 | 43.00 | OK | |
| r-release-windows-x86_64 | 0.1.0 | 3.00 | 47.00 | 50.00 | OK | |
| r-oldrel-macos-arm64 | 0.1.0 | 1.00 | 23.00 | 24.00 | OK | |
| r-oldrel-macos-x86_64 | 0.1.0 | 2.00 | 36.00 | 38.00 | OK | |
| r-oldrel-windows-x86_64 | 0.1.0 | 3.00 | 54.00 | 57.00 | OK |
Version: 0.1.0
Check: CRAN incoming feasibility
Result: NOTE
Maintainer: ‘Danilo Freire <danilofreire@gmail.com>’
Package CITATION file contains call(s) to old-style personList() or
as.personList(). Please use c() on person objects instead.
Package CITATION file contains call(s) to old-style citEntry(). Please
use bibentry() instead.
Flavors: r-devel-linux-x86_64-debian-clang, r-devel-linux-x86_64-debian-gcc