Last updated on 2025-02-17 07:50:42 CET.
Flavor | Version | Tinstall | Tcheck | Ttotal | Status | Flags |
---|---|---|---|---|---|---|
r-devel-linux-x86_64-debian-clang | 1.1.3 | 31.56 | 49.70 | 81.26 | OK | |
r-devel-linux-x86_64-debian-gcc | 1.1.3 | 27.48 | 38.78 | 66.26 | OK | |
r-devel-linux-x86_64-fedora-clang | 1.1.3 | 146.62 | NOTE | |||
r-devel-linux-x86_64-fedora-gcc | 1.1.3 | 165.34 | NOTE | |||
r-devel-macos-arm64 | 1.1.3 | 49.00 | OK | |||
r-devel-macos-x86_64 | 1.1.3 | 102.00 | OK | |||
r-devel-windows-x86_64 | 1.1.3 | 38.00 | 86.00 | 124.00 | OK | |
r-patched-linux-x86_64 | 1.1.3 | 35.08 | 48.46 | 83.54 | OK | |
r-release-linux-x86_64 | 1.1.3 | 37.55 | 48.82 | 86.37 | OK | |
r-release-macos-arm64 | 1.1.3 | 48.00 | NOTE | |||
r-release-macos-x86_64 | 1.1.3 | 75.00 | NOTE | |||
r-release-windows-x86_64 | 1.1.3 | 41.00 | 84.00 | 125.00 | OK | |
r-oldrel-macos-arm64 | 1.1.3 | 51.00 | NOTE | |||
r-oldrel-macos-x86_64 | 1.1.3 | 81.00 | NOTE | |||
r-oldrel-windows-x86_64 | 1.1.3 | 45.00 | 103.00 | 148.00 | OK |
Version: 1.1.3
Check: dependencies in R code
Result: NOTE
Namespace in Imports field not imported from: ‘utils’
All declared Imports should be used.
Flavors: r-devel-linux-x86_64-fedora-clang, r-devel-linux-x86_64-fedora-gcc
Version: 1.1.3
Check: installed package size
Result: NOTE
installed size is 16.1Mb
sub-directories of 1Mb or more:
libs 15.8Mb
Flavors: r-release-macos-arm64, r-release-macos-x86_64, r-oldrel-macos-arm64, r-oldrel-macos-x86_64