Last updated on 2024-05-09 07:56:54 CEST.
Flavor | Version | Tinstall | Tcheck | Ttotal | Status | Flags |
---|---|---|---|---|---|---|
r-devel-linux-x86_64-debian-clang | 2.1.0 | 4.46 | 50.81 | 55.27 | NOTE | |
r-devel-linux-x86_64-debian-gcc | 2.1.0 | 2.82 | 38.80 | 41.62 | NOTE | |
r-devel-linux-x86_64-fedora-clang | 2.1.0 | 71.80 | NOTE | |||
r-devel-linux-x86_64-fedora-gcc | 2.1.0 | 130.43 | NOTE | |||
r-devel-windows-x86_64 | 2.1.0 | 4.00 | 57.00 | 61.00 | NOTE | |
r-patched-linux-x86_64 | 2.1.0 | 2.79 | 47.93 | 50.72 | NOTE | |
r-release-linux-x86_64 | 2.1.0 | 3.88 | 47.89 | 51.77 | NOTE | |
r-release-macos-arm64 | 2.1.0 | 28.00 | NOTE | |||
r-release-windows-x86_64 | 2.1.0 | 4.00 | 57.00 | 61.00 | NOTE | |
r-oldrel-macos-arm64 | 2.1.0 | 29.00 | NOTE | |||
r-oldrel-macos-x86_64 | 2.1.0 | 43.00 | NOTE | |||
r-oldrel-windows-x86_64 | 2.1.0 | 5.00 | 59.00 | 64.00 | NOTE |
Version: 2.1.0
Check: LazyData
Result: NOTE
'LazyData' is specified without a 'data' directory
Flavors: r-devel-linux-x86_64-debian-clang, r-devel-linux-x86_64-debian-gcc, r-devel-linux-x86_64-fedora-clang, r-devel-linux-x86_64-fedora-gcc, r-devel-windows-x86_64, r-patched-linux-x86_64, r-release-linux-x86_64, r-release-macos-arm64, r-release-windows-x86_64, r-oldrel-macos-arm64, r-oldrel-macos-x86_64, r-oldrel-windows-x86_64