Last updated on 2025-02-17 07:50:42 CET.
Flavor | Version | Tinstall | Tcheck | Ttotal | Status | Flags |
---|---|---|---|---|---|---|
r-devel-linux-x86_64-debian-clang | 1.2-4 | 17.35 | 169.28 | 186.63 | NOTE | |
r-devel-linux-x86_64-debian-gcc | 1.2-4 | 10.85 | 120.93 | 131.78 | NOTE | |
r-devel-linux-x86_64-fedora-clang | 1.2-4 | 324.02 | OK | |||
r-devel-linux-x86_64-fedora-gcc | 1.2-4 | 301.83 | OK | |||
r-devel-macos-arm64 | 1.2-4 | 83.00 | OK | |||
r-devel-macos-x86_64 | 1.2-4 | 174.00 | OK | |||
r-devel-windows-x86_64 | 1.2-4 | 17.00 | 191.00 | 208.00 | NOTE | |
r-patched-linux-x86_64 | 1.2-4 | 20.69 | 159.60 | 180.29 | OK | |
r-release-linux-x86_64 | 1.2-4 | 14.09 | 161.20 | 175.29 | OK | |
r-release-macos-arm64 | 1.2-4 | 77.00 | OK | |||
r-release-macos-x86_64 | 1.2-4 | 191.00 | OK | |||
r-release-windows-x86_64 | 1.2-4 | 17.00 | 192.00 | 209.00 | OK | |
r-oldrel-macos-arm64 | 1.2-4 | 91.00 | OK | |||
r-oldrel-macos-x86_64 | 1.2-4 | 156.00 | NOTE | |||
r-oldrel-windows-x86_64 | 1.2-4 | 21.00 | 240.00 | 261.00 | OK |
Version: 1.2-4
Check: Rd cross-references
Result: NOTE
Found the following Rd file(s) with Rd \link{} targets missing package
anchors:
cc.manip.Rd: vegan
comparative.comm.Rd: vegan
drop_tip.Rd: drop.tip
eco.xxx.regression.Rd: picante, rq
fingerprint.regression.Rd: picante
generic.metrics.Rd: picante
laja.Rd: phylo
pez.dispersion.Rd: picante
pez.metrics.Rd: picante, caper, FD, ape
phy.signal.Rd: pgls
scape.Rd: phylo, corGrafen, corBlomberg
Please provide package anchors for all Rd \link{} targets not in the
package itself and the base packages.
Flavors: r-devel-linux-x86_64-debian-clang, r-devel-linux-x86_64-debian-gcc, r-devel-windows-x86_64
Version: 1.2-4
Check: package dependencies
Result: NOTE
Package suggested but not available for checking: ‘lme4’
Flavor: r-oldrel-macos-x86_64
Version: 1.2-4
Check: Rd cross-references
Result: NOTE
Package unavailable to check Rd xrefs: ‘lme4’
Flavor: r-oldrel-macos-x86_64