Last updated on 2025-05-09 07:51:03 CEST.
Flavor | Version | Tinstall | Tcheck | Ttotal | Status | Flags |
---|---|---|---|---|---|---|
r-devel-linux-x86_64-debian-clang | 1.0 | 1.82 | 26.36 | 28.18 | NOTE | |
r-devel-linux-x86_64-debian-gcc | 1.0 | 1.46 | 20.03 | 21.49 | NOTE | |
r-devel-linux-x86_64-fedora-clang | 1.0 | 44.52 | OK | |||
r-devel-linux-x86_64-fedora-gcc | 1.0 | 42.68 | OK | |||
r-devel-windows-x86_64 | 1.0 | 3.00 | 45.00 | 48.00 | OK | |
r-patched-linux-x86_64 | 1.0 | 1.92 | 25.08 | 27.00 | OK | |
r-release-linux-x86_64 | 1.0 | 1.64 | 24.88 | 26.52 | OK | |
r-release-macos-arm64 | 1.0 | 18.00 | OK | |||
r-release-macos-x86_64 | 1.0 | 27.00 | OK | |||
r-release-windows-x86_64 | 1.0 | 3.00 | 49.00 | 52.00 | OK | |
r-oldrel-macos-arm64 | 1.0 | 17.00 | OK | |||
r-oldrel-macos-x86_64 | 1.0 | 24.00 | OK | |||
r-oldrel-windows-x86_64 | 1.0 | 3.00 | 44.00 | 47.00 | OK |
Version: 1.0
Check: CRAN incoming feasibility
Result: NOTE
Maintainer: ‘Jean-Sebastien Pierre <jean-sebastien.pierre@univ-rennes1.fr>’
No Authors@R field in DESCRIPTION.
Please add one, modifying
Authors@R: person(given = "Jean-Sebastien",
family = "Pierre",
role = c("aut", "cre"),
email = "jean-sebastien.pierre@univ-rennes1.fr")
as necessary.
The URL field contains the following bad parts:
none
The URL field should be a list of URLs separated by commas or
whitespace.
Flavors: r-devel-linux-x86_64-debian-clang, r-devel-linux-x86_64-debian-gcc