Last updated on 2024-05-11 07:51:38 CEST.
Flavor | Version | Tinstall | Tcheck | Ttotal | Status | Flags |
---|---|---|---|---|---|---|
r-devel-linux-x86_64-debian-clang | 0.2 | 18.14 | 130.42 | 148.56 | NOTE | |
r-devel-linux-x86_64-debian-gcc | 0.2 | 14.50 | 95.85 | 110.35 | NOTE | |
r-devel-linux-x86_64-fedora-clang | 0.2 | 190.18 | NOTE | |||
r-devel-linux-x86_64-fedora-gcc | 0.2 | 235.73 | NOTE | |||
r-devel-windows-x86_64 | 0.2 | 15.00 | 106.00 | 121.00 | NOTE | |
r-patched-linux-x86_64 | 0.2 | 17.09 | 125.66 | 142.75 | NOTE | |
r-release-linux-x86_64 | 0.2 | 15.54 | 123.72 | 139.26 | NOTE | |
r-release-macos-arm64 | 0.2 | 47.00 | NOTE | |||
r-release-windows-x86_64 | 0.2 | 16.00 | 104.00 | 120.00 | NOTE | |
r-oldrel-macos-arm64 | 0.2 | 64.00 | NOTE | |||
r-oldrel-macos-x86_64 | 0.2 | 91.00 | NOTE | |||
r-oldrel-windows-x86_64 | 0.2 | 22.00 | 123.00 | 145.00 | NOTE |
Version: 0.2
Check: Rd files
Result: NOTE
checkRd: (-1) my.bspline.Rd:38: Escaped LaTeX specials: \$ \$ \$
Flavors: r-devel-linux-x86_64-debian-clang, r-devel-linux-x86_64-debian-gcc, r-devel-linux-x86_64-fedora-clang, r-devel-linux-x86_64-fedora-gcc, r-devel-windows-x86_64, r-patched-linux-x86_64, r-release-linux-x86_64, r-release-macos-arm64, r-release-windows-x86_64, r-oldrel-macos-arm64, r-oldrel-macos-x86_64, r-oldrel-windows-x86_64