Last updated on 2025-02-17 07:50:42 CET.
Flavor | Version | Tinstall | Tcheck | Ttotal | Status | Flags |
---|---|---|---|---|---|---|
r-devel-linux-x86_64-debian-clang | 0.9-52 | 61.34 | 100.46 | 161.80 | NOTE | |
r-devel-linux-x86_64-debian-gcc | 0.9-52 | 47.44 | 72.95 | 120.39 | NOTE | |
r-devel-linux-x86_64-fedora-clang | 0.9-52 | 275.07 | NOTE | |||
r-devel-linux-x86_64-fedora-gcc | 0.9-52 | 294.81 | NOTE | |||
r-devel-macos-arm64 | 0.9-52 | 77.00 | NOTE | |||
r-devel-macos-x86_64 | 0.9-52 | 143.00 | NOTE | |||
r-devel-windows-x86_64 | 0.9-52 | 61.00 | 144.00 | 205.00 | NOTE | |
r-patched-linux-x86_64 | 0.9-52 | 63.70 | 93.83 | 157.53 | NOTE | |
r-release-linux-x86_64 | 0.9-52 | 60.55 | 93.24 | 153.79 | NOTE | |
r-release-macos-arm64 | 0.9-52 | 80.00 | NOTE | |||
r-release-macos-x86_64 | 0.9-52 | 138.00 | NOTE | |||
r-release-windows-x86_64 | 0.9-52 | 65.00 | 153.00 | 218.00 | NOTE | |
r-oldrel-macos-arm64 | 0.9-52 | 103.00 | NOTE | |||
r-oldrel-macos-x86_64 | 0.9-52 | 173.00 | NOTE | |||
r-oldrel-windows-x86_64 | 0.9-52 | 78.00 | 182.00 | 260.00 | NOTE |
Version: 0.9-52
Check: C++ specification
Result: NOTE
Specified C++11: please drop specification unless essential
Flavors: r-devel-linux-x86_64-debian-clang, r-devel-linux-x86_64-debian-gcc, r-devel-linux-x86_64-fedora-clang, r-devel-linux-x86_64-fedora-gcc, r-devel-macos-arm64, r-devel-macos-x86_64, r-devel-windows-x86_64, r-patched-linux-x86_64, r-release-linux-x86_64, r-release-macos-arm64, r-release-macos-x86_64, r-release-windows-x86_64, r-oldrel-macos-arm64, r-oldrel-macos-x86_64, r-oldrel-windows-x86_64
Version: 0.9-52
Check: Rd files
Result: NOTE
checkRd: (-1) breslow.Rd:27: Escaped LaTeX specials: \# \#
Flavors: r-devel-linux-x86_64-debian-clang, r-devel-linux-x86_64-debian-gcc, r-devel-linux-x86_64-fedora-clang, r-devel-linux-x86_64-fedora-gcc, r-devel-macos-arm64, r-devel-macos-x86_64, r-devel-windows-x86_64, r-patched-linux-x86_64, r-release-linux-x86_64, r-release-macos-arm64, r-release-macos-x86_64, r-release-windows-x86_64, r-oldrel-macos-arm64, r-oldrel-macos-x86_64, r-oldrel-windows-x86_64
Version: 0.9-52
Check: installed package size
Result: NOTE
installed size is 6.0Mb
sub-directories of 1Mb or more:
libs 5.1Mb
Flavors: r-release-macos-arm64, r-release-macos-x86_64, r-oldrel-macos-arm64, r-oldrel-macos-x86_64