Last updated on 2025-06-30 07:49:27 CEST.
Flavor | Version | Tinstall | Tcheck | Ttotal | Status | Flags |
---|---|---|---|---|---|---|
r-devel-linux-x86_64-debian-clang | 3.5.0 | 15.47 | 30.38 | 45.85 | OK | |
r-devel-linux-x86_64-debian-gcc | 3.5.0 | 11.48 | 25.22 | 36.70 | OK | |
r-devel-linux-x86_64-fedora-clang | 3.5.0 | 74.57 | OK | |||
r-devel-linux-x86_64-fedora-gcc | 3.5.0 | 75.08 | OK | |||
r-devel-windows-x86_64 | 3.5.0 | 37.00 | 129.00 | 166.00 | OK | |
r-patched-linux-x86_64 | OK | |||||
r-release-linux-x86_64 | 3.5.0 | 16.31 | 29.11 | 45.42 | OK | |
r-release-macos-arm64 | 3.5.0 | 121.00 | OK | |||
r-release-macos-x86_64 | 3.5.0 | 63.00 | OK | |||
r-release-windows-x86_64 | 3.5.0 | 35.00 | 133.00 | 168.00 | OK | |
r-oldrel-macos-arm64 | 3.5.0 | 36.00 | NOTE | |||
r-oldrel-macos-x86_64 | 3.5.0 | 47.00 | NOTE | |||
r-oldrel-windows-x86_64 | 3.5.0 | 42.00 | 144.00 | 186.00 | NOTE |
Version: 3.5.0
Check: installed package size
Result: NOTE
installed size is 20.9Mb
sub-directories of 1Mb or more:
libs 8.0Mb
share 12.8Mb
Flavors: r-oldrel-macos-arm64, r-oldrel-macos-x86_64, r-oldrel-windows-x86_64