Last updated on 2025-10-30 07:51:04 CET.
| Flavor | Version | Tinstall | Tcheck | Ttotal | Status | Flags | 
|---|---|---|---|---|---|---|
| r-devel-linux-x86_64-debian-clang | 3.6.0 | 12.19 | 31.43 | 43.62 | OK | |
| r-devel-linux-x86_64-debian-gcc | 3.6.0 | 11.09 | 25.51 | 36.60 | OK | |
| r-devel-linux-x86_64-fedora-clang | 3.6.0 | 40.00 | 39.11 | 79.11 | OK | |
| r-devel-linux-x86_64-fedora-gcc | 3.6.0 | 28.00 | 43.78 | 71.78 | OK | |
| r-devel-windows-x86_64 | 3.6.0 | 36.00 | 143.00 | 179.00 | OK | |
| r-patched-linux-x86_64 | 3.6.0 | 16.32 | 30.11 | 46.43 | OK | |
| r-release-linux-x86_64 | 3.6.0 | 16.76 | 30.30 | 47.06 | OK | |
| r-release-macos-arm64 | 3.6.0 | 13.00 | 19.00 | 32.00 | OK | |
| r-release-macos-x86_64 | 3.6.0 | 22.00 | 38.00 | 60.00 | OK | |
| r-release-windows-x86_64 | 3.6.0 | 41.00 | 135.00 | 176.00 | OK | |
| r-oldrel-macos-arm64 | 3.6.0 | 15.00 | 26.00 | 41.00 | NOTE | |
| r-oldrel-macos-x86_64 | 3.6.0 | 15.00 | 36.00 | 51.00 | NOTE | |
| r-oldrel-windows-x86_64 | 3.6.0 | 43.00 | 144.00 | 187.00 | NOTE | 
Version: 3.6.0
Check: installed package size
Result: NOTE
    installed size is 21.5Mb
    sub-directories of 1Mb or more:
      libs    8.6Mb
      share  12.8Mb
Flavors: r-oldrel-macos-arm64, r-oldrel-macos-x86_64, r-oldrel-windows-x86_64