Last updated on 2025-02-17 07:50:42 CET.
Flavor | Version | Tinstall | Tcheck | Ttotal | Status | Flags |
---|---|---|---|---|---|---|
r-devel-linux-x86_64-debian-clang | 1.1.0 | 44.35 | 25.18 | 69.53 | OK | |
r-devel-linux-x86_64-debian-gcc | 1.1.0 | 40.65 | 24.99 | 65.64 | OK | |
r-devel-linux-x86_64-fedora-clang | 1.1.0 | 120.19 | OK | |||
r-devel-linux-x86_64-fedora-gcc | 1.1.0 | 145.33 | OK | |||
r-devel-macos-arm64 | 1.1.0 | 31.00 | OK | |||
r-devel-macos-x86_64 | 1.1.0 | 64.00 | OK | |||
r-devel-windows-x86_64 | 1.1.0 | 57.00 | 69.00 | 126.00 | OK | |
r-patched-linux-x86_64 | 1.1.0 | 53.60 | 30.07 | 83.67 | NOTE | |
r-release-linux-x86_64 | 1.1.0 | 52.68 | 30.24 | 82.92 | NOTE | |
r-release-macos-arm64 | 1.1.0 | 39.00 | NOTE | |||
r-release-macos-x86_64 | 1.1.0 | 74.00 | NOTE | |||
r-release-windows-x86_64 | 1.1.0 | 57.00 | 67.00 | 124.00 | NOTE | |
r-oldrel-macos-arm64 | 1.1.0 | 38.00 | NOTE | |||
r-oldrel-macos-x86_64 | 1.1.0 | 72.00 | NOTE | |||
r-oldrel-windows-x86_64 | 1.1.0 | 71.00 | 104.00 | 175.00 | NOTE |
Version: 1.1.0
Check: for GNU extensions in Makefiles
Result: NOTE
GNU make is a SystemRequirements.
Flavors: r-patched-linux-x86_64, r-release-linux-x86_64, r-release-macos-arm64, r-release-macos-x86_64, r-release-windows-x86_64, r-oldrel-macos-arm64, r-oldrel-macos-x86_64, r-oldrel-windows-x86_64
Version: 1.1.0
Check: installed package size
Result: NOTE
installed size is 27.6Mb
sub-directories of 1Mb or more:
libs 27.5Mb
Flavors: r-release-macos-arm64, r-release-macos-x86_64, r-oldrel-macos-arm64, r-oldrel-macos-x86_64