Last updated on 2025-02-11 07:48:31 CET.
Flavor | Version | Tinstall | Tcheck | Ttotal | Status | Flags |
---|---|---|---|---|---|---|
r-devel-linux-x86_64-debian-clang | 0.7.0 | 10.80 | 181.69 | 192.49 | OK | |
r-devel-linux-x86_64-debian-gcc | 0.7.0 | 9.59 | 124.41 | 134.00 | WARN | |
r-devel-linux-x86_64-fedora-clang | 0.8.0 | 334.33 | OK | |||
r-devel-linux-x86_64-fedora-gcc | 0.8.0 | 318.14 | OK | |||
r-devel-windows-x86_64 | 0.7.0 | 20.00 | 309.00 | 329.00 | OK | |
r-patched-linux-x86_64 | 0.7.0 | 33.32 | 168.30 | 201.62 | OK | |
r-release-linux-x86_64 | 0.7.0 | 11.70 | 174.21 | 185.91 | OK | |
r-release-macos-arm64 | 0.8.0 | 77.00 | OK | |||
r-release-macos-x86_64 | 0.8.0 | 184.00 | OK | |||
r-release-windows-x86_64 | 0.8.0 | 16.00 | 302.00 | 318.00 | OK | |
r-oldrel-macos-arm64 | 0.7.0 | 66.00 | OK | |||
r-oldrel-macos-x86_64 | 0.7.0 | 73.00 | OK | |||
r-oldrel-windows-x86_64 | 0.7.0 | 19.00 | 365.00 | 384.00 | OK |
Version: 0.7.0
Check: dependencies in R code
Result: WARN
Missing or unexported objects:
‘paws.end.user.computing::nimblestudio’
‘paws.end.user.computing::worklink’
‘paws.management::cloudwatchevents’
Flavor: r-devel-linux-x86_64-debian-gcc
Version: 0.7.0
Check: Rd cross-references
Result: WARN
Missing link(s) in Rd file 'cloudwatchevents.Rd':
‘[paws.management:cloudwatchevents_activate_event_source]{activate_event_source}’
‘[paws.management:cloudwatchevents_cancel_replay]{cancel_replay}’
‘[paws.management:cloudwatchevents_create_api_destination]{create_api_destination}’
‘[paws.management:cloudwatchevents_create_archive]{create_archive}’
‘[paws.management:cloudwatchevents_create_connection]{create_connection}’
‘[paws.management:cloudwatchevents_create_event_bus]{create_event_bus}’
‘[paws.management:cloudwatchevents_create_partner_event_source]{create_partner_event_source}’
‘[paws.management:cloudwatchevents_deactivate_event_source]{deactivate_event_source}’
‘[paws.management:cloudwatchevents_deauthorize_connection]{deauthorize_connection}’
‘[paws.management:cloudwatchevents_delete_api_destination]{delete_api_destination}’
‘[paws.management:cloudwatchevents_delete_archive]{delete_archive}’
‘[paws.management:cloudwatchevents_delete_connection]{delete_connection}’
‘[paws.management:cloudwatchevents_delete_event_bus]{delete_event_bus}’
‘[paws.management:cloudwatchevents_delete_partner_event_source]{delete_partner_event_source}’
‘[paws.management:cloudwatchevents_delete_rule]{delete_rule}’
‘[paws.management:cloudwatchevents_describe_api_destination]{describe_api_destination}’
‘[paws.management:cloudwatchevents_describe_archive]{describe_archive}’
‘[paws.management:cloudwatchevents_describe_connection]{describe_connection}’
‘[paws.management:cloudwatchevents_describe_event_bus]{describe_event_bus}’
‘[paws.management:cloudwatchevents_describe_event_source]{describe_event_source}’
‘[paws.management:cloudwatchevents_describe_partner_event_source]{describe_partner_event_source}’
‘[paws.management:cloudwatchevents_describe_replay]{describe_replay}’
‘[paws.management:cloudwatchevents_describe_rule]{describe_rule}’
‘[paws.management:cloudwatchevents_disable_rule]{disable_rule}’
‘[paws.management:cloudwatchevents_enable_rule]{enable_rule}’
‘[paws.management:cloudwatchevents_list_api_destinations]{list_api_destinations}’
‘[paws.management:cloudwatchevents_list_archives]{list_archives}’
‘[paws.management:cloudwatchevents_list_connections]{list_connections}’
‘[paws.management:cloudwatchevents_list_event_buses]{list_event_buses}’
‘[paws.management:cloudwatchevents_list_event_sources]{list_event_sources}’
‘[paws.management:cloudwatchevents_list_partner_event_source_accounts]{list_partner_event_source_accounts}’
‘[paws.management:cloudwatchevents_list_partner_event_sources]{list_partner_event_sources}’
‘[paws.management:cloudwatchevents_list_replays]{list_replays}’
‘[paws.management:cloudwatchevents_list_rule_names_by_target]{list_rule_names_by_target}’
‘[paws.management:cloudwatchevents_list_rules]{list_rules}’
‘[paws.management:cloudwatchevents_list_tags_for_resource]{list_tags_for_resource}’
‘[paws.management:cloudwatchevents_list_targets_by_rule]{list_targets_by_rule}’
‘[paws.management:cloudwatchevents_put_events]{put_events}’
‘[paws.management:cloudwatchevents_put_partner_events]{put_partner_events}’
‘[paws.management:cloudwatchevents_put_permission]{put_permission}’
‘[paws.management:cloudwatchevents_put_rule]{put_rule}’
‘[paws.management:cloudwatchevents_put_targets]{put_targets}’
‘[paws.management:cloudwatchevents_remove_permission]{remove_permission}’
‘[paws.management:cloudwatchevents_remove_targets]{remove_targets}’
‘[paws.management:cloudwatchevents_start_replay]{start_replay}’
‘[paws.management:cloudwatchevents_tag_resource]{tag_resource}’
‘[paws.management:cloudwatchevents_test_event_pattern]{test_event_pattern}’
‘[paws.management:cloudwatchevents_untag_resource]{untag_resource}’
‘[paws.management:cloudwatchevents_update_api_destination]{update_api_destination}’
‘[paws.management:cloudwatchevents_update_archive]{update_archive}’
‘[paws.management:cloudwatchevents_update_connection]{update_connection}’
Missing link(s) in Rd file 'nimblestudio.Rd':
‘[paws.end.user.computing:nimblestudio_accept_eulas]{accept_eulas}’
‘[paws.end.user.computing:nimblestudio_create_launch_profile]{create_launch_profile}’
‘[paws.end.user.computing:nimblestudio_create_streaming_image]{create_streaming_image}’
‘[paws.end.user.computing:nimblestudio_create_streaming_session]{create_streaming_session}’
‘[paws.end.user.computing:nimblestudio_create_streaming_session_stream]{create_streaming_session_stream}’
‘[paws.end.user.computing:nimblestudio_create_studio]{create_studio}’
‘[paws.end.user.computing:nimblestudio_create_studio_component]{create_studio_component}’
‘[paws.end.user.computing:nimblestudio_delete_launch_profile]{delete_launch_profile}’
‘[paws.end.user.computing:nimblestudio_delete_launch_profile_member]{delete_launch_profile_member}’
‘[paws.end.user.computing:nimblestudio_delete_streaming_image]{delete_streaming_image}’
‘[paws.end.user.computing:nimblestudio_delete_streaming_session]{delete_streaming_session}’
‘[paws.end.user.computing:nimblestudio_delete_studio]{delete_studio}’
‘[paws.end.user.computing:nimblestudio_delete_studio_component]{delete_studio_component}’
‘[paws.end.user.computing:nimblestudio_delete_studio_member]{delete_studio_member}’
‘[paws.end.user.computing:nimblestudio_get_eula]{get_eula}’
‘[paws.end.user.computing:nimblestudio_get_launch_profile]{get_launch_profile}’
‘[paws.end.user.computing:nimblestudio_get_launch_profile_details]{get_launch_profile_details}’
‘[paws.end.user.computing:nimblestudio_get_launch_profile_initialization]{get_launch_profile_initialization}’
‘[paws.end.user.computing:nimblestudio_get_launch_profile_member]{get_launch_profile_member}’
‘[paws.end.user.computing:nimblestudio_get_streaming_image]{get_streaming_image}’
‘[paws.end.user.computing:nimblestudio_get_streaming_session]{get_streaming_session}’
‘[paws.end.user.computing:nimblestudio_get_streaming_session_backup]{get_streaming_session_backup}’
‘[paws.end.user.computing:nimblestudio_get_streaming_session_stream]{get_streaming_session_stream}’
‘[paws.end.user.computing:nimblestudio_get_studio]{get_studio}’
‘[paws.end.user.computing:nimblestudio_get_studio_component]{get_studio_component}’
‘[paws.end.user.computing:nimblestudio_get_studio_member]{get_studio_member}’
‘[paws.end.user.computing:nimblestudio_list_eula_acceptances]{list_eula_acceptances}’
‘[paws.end.user.computing:nimblestudio_list_eulas]{list_eulas}’
‘[paws.end.user.computing:nimblestudio_list_launch_profile_members]{list_launch_profile_members}’
‘[paws.end.user.computing:nimblestudio_list_launch_profiles]{list_launch_profiles}’
‘[paws.end.user.computing:nimblestudio_list_streaming_images]{list_streaming_images}’
‘[paws.end.user.computing:nimblestudio_list_streaming_session_backups]{list_streaming_session_backups}’
‘[paws.end.user.computing:nimblestudio_list_streaming_sessions]{list_streaming_sessions}’
‘[paws.end.user.computing:nimblestudio_list_studio_components]{list_studio_components}’
‘[paws.end.user.computing:nimblestudio_list_studio_members]{list_studio_members}’
‘[paws.end.user.computing:nimblestudio_list_studios]{list_studios}’
‘[paws.end.user.computing:nimblestudio_list_tags_for_resource]{list_tags_for_resource}’
‘[paws.end.user.computing:nimblestudio_put_launch_profile_members]{put_launch_profile_members}’
‘[paws.end.user.computing:nimblestudio_put_studio_members]{put_studio_members}’
‘[paws.end.user.computing:nimblestudio_start_streaming_session]{start_streaming_session}’
‘[paws.end.user.computing:nimblestudio_start_studio_sso_configuration_repair]{start_studio_sso_configuration_repair}’
‘[paws.end.user.computing:nimblestudio_stop_streaming_session]{stop_streaming_session}’
‘[paws.end.user.computing:nimblestudio_tag_resource]{tag_resource}’
‘[paws.end.user.computing:nimblestudio_untag_resource]{untag_resource}’
‘[paws.end.user.computing:nimblestudio_update_launch_profile]{update_launch_profile}’
‘[paws.end.user.computing:nimblestudio_update_launch_profile_member]{update_launch_profile_member}’
‘[paws.end.user.computing:nimblestudio_update_streaming_image]{update_streaming_image}’
‘[paws.end.user.computing:nimblestudio_update_studio]{update_studio}’
‘[paws.end.user.computing:nimblestudio_update_studio_component]{update_studio_component}’
Missing link(s) in Rd file 'worklink.Rd':
‘[paws.end.user.computing:worklink_associate_domain]{associate_domain}’
‘[paws.end.user.computing:worklink_associate_website_authorization_provider]{associate_website_authorization_provider}’
‘[paws.end.user.computing:worklink_associate_website_certificate_authority]{associate_website_certificate_authority}’
‘[paws.end.user.computing:worklink_create_fleet]{create_fleet}’
‘[paws.end.user.computing:worklink_delete_fleet]{delete_fleet}’
‘[paws.end.user.computing:worklink_describe_audit_stream_configuration]{describe_audit_stream_configuration}’
‘[paws.end.user.computing:worklink_describe_company_network_configuration]{describe_company_network_configuration}’
‘[paws.end.user.computing:worklink_describe_device]{describe_device}’
‘[paws.end.user.computing:worklink_describe_device_policy_configuration]{describe_device_policy_configuration}’
‘[paws.end.user.computing:worklink_describe_domain]{describe_domain}’
‘[paws.end.user.computing:worklink_describe_fleet_metadata]{describe_fleet_metadata}’
‘[paws.end.user.computing:worklink_describe_identity_provider_configuration]{describe_identity_provider_configuration}’
‘[paws.end.user.computing:worklink_describe_website_certificate_authority]{describe_website_certificate_authority}’
‘[paws.end.user.computing:worklink_disassociate_domain]{disassociate_domain}’
‘[paws.end.user.computing:worklink_disassociate_website_authorization_provider]{disassociate_website_authorization_provider}’
‘[paws.end.user.computing:worklink_disassociate_website_certificate_authority]{disassociate_website_certificate_authority}’
‘[paws.end.user.computing:worklink_list_devices]{list_devices}’
‘[paws.end.user.computing:worklink_list_domains]{list_domains}’
‘[paws.end.user.computing:worklink_list_fleets]{list_fleets}’
‘[paws.end.user.computing:worklink_list_tags_for_resource]{list_tags_for_resource}’
‘[paws.end.user.computing:worklink_list_website_authorization_providers]{list_website_authorization_providers}’
‘[paws.end.user.computing:worklink_list_website_certificate_authorities]{list_website_certificate_authorities}’
‘[paws.end.user.computing:worklink_restore_domain_access]{restore_domain_access}’
‘[paws.end.user.computing:worklink_revoke_domain_access]{revoke_domain_access}’
‘[paws.end.user.computing:worklink_sign_out_user]{sign_out_user}’
‘[paws.end.user.computing:worklink_tag_resource]{tag_resource}’
‘[paws.end.user.computing:worklink_untag_resource]{untag_resource}’
‘[paws.end.user.computing:worklink_update_audit_stream_configuration]{update_audit_stream_configuration}’
‘[paws.end.user.computing:worklink_update_company_network_configuration]{update_company_network_configuration}’
‘[paws.end.user.computing:worklink_update_device_policy_configuration]{update_device_policy_configuration}’
‘[paws.end.user.computing:worklink_update_domain_metadata]{update_domain_metadata}’
‘[paws.end.user.computing:worklink_update_fleet_metadata]{update_fleet_metadata}’
‘[paws.end.user.computing:worklink_update_identity_provider_configuration]{update_identity_provider_configuration}’
See section 'Cross-references' in the 'Writing R Extensions' manual.
Flavor: r-devel-linux-x86_64-debian-gcc