Last updated on 2025-02-11 07:48:31 CET.
Flavor | Version | Tinstall | Tcheck | Ttotal | Status | Flags |
---|---|---|---|---|---|---|
r-devel-linux-x86_64-debian-clang | 0.7.0 | 92.19 | 210.20 | 302.39 | OK | |
r-devel-linux-x86_64-debian-gcc | 0.8.0 | 56.69 | 148.44 | 205.13 | OK | |
r-devel-linux-x86_64-fedora-clang | 0.8.0 | 381.36 | OK | |||
r-devel-linux-x86_64-fedora-gcc | 0.8.0 | 343.41 | OK | |||
r-devel-windows-x86_64 | 0.7.0 | 85.00 | 385.00 | 470.00 | WARN | |
r-patched-linux-x86_64 | 0.7.0 | 109.75 | 196.34 | 306.09 | OK | |
r-release-linux-x86_64 | 0.7.0 | 91.64 | 199.63 | 291.27 | WARN | |
r-release-macos-arm64 | 0.8.0 | 121.00 | NOTE | |||
r-release-macos-x86_64 | 0.8.0 | 291.00 | OK | |||
r-release-windows-x86_64 | 0.8.0 | 85.00 | 330.00 | 415.00 | OK | |
r-oldrel-macos-arm64 | 0.7.0 | 112.00 | OK | |||
r-oldrel-macos-x86_64 | 0.7.0 | 244.00 | NOTE | |||
r-oldrel-windows-x86_64 | 0.7.0 | 113.00 | 445.00 | 558.00 | WARN |
Version: 0.7.0
Check: for code/documentation mismatches
Result: WARN
Codoc mismatches from Rd file 'rds_build_auth_token.Rd':
rds_build_auth_token
Code: function(endpoint, user, creds = NULL, region = NULL)
Docs: function(endpoint, region, user, creds)
Mismatches in argument names:
Position: 2 Code: user Docs: region
Position: 3 Code: creds Docs: user
Position: 4 Code: region Docs: creds
Mismatches in argument default values:
Name: 'creds' Code: NULL Docs:
Name: 'region' Code: NULL Docs:
Flavors: r-devel-windows-x86_64, r-release-linux-x86_64
Version: 0.8.0
Check: installed package size
Result: NOTE
installed size is 6.3Mb
sub-directories of 1Mb or more:
R 3.1Mb
help 3.1Mb
Flavor: r-release-macos-arm64
Version: 0.7.0
Check: installed package size
Result: NOTE
installed size is 5.4Mb
sub-directories of 1Mb or more:
R 2.1Mb
help 3.3Mb
Flavor: r-oldrel-macos-x86_64
Version: 0.7.0
Check: for code/documentation mismatches
Result: WARN
Codoc mismatches from documentation object 'rds_build_auth_token':
rds_build_auth_token
Code: function(endpoint, user, creds = NULL, region = NULL)
Docs: function(endpoint, region, user, creds)
Mismatches in argument names:
Position: 2 Code: user Docs: region
Position: 3 Code: creds Docs: user
Position: 4 Code: region Docs: creds
Mismatches in argument default values:
Name: 'creds' Code: NULL Docs:
Name: 'region' Code: NULL Docs:
Flavor: r-oldrel-windows-x86_64