Last updated on 2025-10-22 07:50:25 CEST.
Flavor | Version | Tinstall | Tcheck | Ttotal | Status | Flags |
---|---|---|---|---|---|---|
r-devel-linux-x86_64-debian-clang | 0.1.2 | 7.28 | 60.03 | 67.31 | NOTE | |
r-devel-linux-x86_64-debian-gcc | 0.1.2 | 4.69 | 42.73 | 47.42 | NOTE | |
r-devel-linux-x86_64-fedora-clang | 0.1.2 | 16.00 | 79.99 | 95.99 | OK | |
r-devel-linux-x86_64-fedora-gcc | 0.1.2 | 18.00 | 72.91 | 90.91 | OK | |
r-devel-windows-x86_64 | 0.1.2 | 8.00 | 81.00 | 89.00 | OK | |
r-patched-linux-x86_64 | 0.1.2 | 7.82 | 55.72 | 63.54 | OK | |
r-release-linux-x86_64 | 0.1.2 | 6.74 | 54.83 | 61.57 | OK | |
r-release-macos-arm64 | 0.1.2 | 3.00 | 26.00 | 29.00 | OK | |
r-release-macos-x86_64 | 0.1.2 | 7.00 | 49.00 | 56.00 | OK | |
r-release-windows-x86_64 | 0.1.2 | 9.00 | 81.00 | 90.00 | OK | |
r-oldrel-macos-arm64 | 0.1.2 | 3.00 | 24.00 | 27.00 | OK | |
r-oldrel-macos-x86_64 | 0.1.2 | 5.00 | 39.00 | 44.00 | OK | |
r-oldrel-windows-x86_64 | 0.1.2 | 12.00 | 95.00 | 107.00 | OK |
Version: 0.1.2
Check: HTML version of manual
Result: NOTE
Found the following HTML validation problems:
dot-i.html:54:1 (dot-i.Rd:14): Warning: missing </ul> before </div>
extract.html:61:1 (extract.Rd:18): Warning: missing </ul> before </div>
format_field_matrix.html:61:1 (format_field_matrix.Rd:21): Warning: missing </ul> before </div>
parttime_logical.html:49:1 (parttime_logical.Rd:12): Warning: missing </ul> before </div>
trim.html:50:1 (trim.Rd:12): Warning: missing </ul> before </div>
Flavors: r-devel-linux-x86_64-debian-clang, r-devel-linux-x86_64-debian-gcc