Last updated on 2025-06-30 07:49:27 CEST.
Flavor | Version | Tinstall | Tcheck | Ttotal | Status | Flags |
---|---|---|---|---|---|---|
r-devel-linux-x86_64-debian-clang | 1.2.1 | 5.51 | 589.36 | 594.87 | OK | |
r-devel-linux-x86_64-debian-gcc | 1.2.1 | 4.39 | 415.14 | 419.53 | OK | |
r-devel-linux-x86_64-fedora-clang | 1.2.1 | 995.51 | OK | |||
r-devel-linux-x86_64-fedora-gcc | 1.2.1 | 923.17 | OK | |||
r-devel-windows-x86_64 | 1.2.1 | 9.00 | 584.00 | 593.00 | OK | |
r-patched-linux-x86_64 | OK | |||||
r-release-linux-x86_64 | 1.2.1 | 6.82 | 578.93 | 585.75 | OK | |
r-release-macos-arm64 | 1.2.1 | 182.00 | OK | |||
r-release-macos-x86_64 | 1.2.1 | 438.00 | OK | |||
r-release-windows-x86_64 | 1.2.1 | 9.00 | 567.00 | 576.00 | OK | |
r-oldrel-macos-arm64 | 1.2.1 | 182.00 | NOTE | |||
r-oldrel-macos-x86_64 | 1.2.1 | 474.00 | NOTE | |||
r-oldrel-windows-x86_64 | 1.2.1 | 12.00 | 800.00 | 812.00 | OK |
Version: 1.2.1
Check: package dependencies
Result: NOTE
Package suggested but not available for checking: ‘MicrobiotaProcess’
Flavor: r-oldrel-macos-arm64
Version: 1.2.1
Check: package dependencies
Result: NOTE
Packages suggested but not available for checking:
'MicrobiotaProcess', 'TreeSummarizedExperiment'
Flavor: r-oldrel-macos-x86_64