Last updated on 2025-10-21 07:49:45 CEST.
Flavor | Version | Tinstall | Tcheck | Ttotal | Status | Flags |
---|---|---|---|---|---|---|
r-devel-linux-x86_64-debian-clang | 0.7.3 | 19.43 | 199.10 | 218.53 | OK | |
r-devel-linux-x86_64-debian-gcc | 0.7.3 | 11.87 | 140.61 | 152.48 | NOTE | |
r-devel-linux-x86_64-fedora-clang | 0.7.3 | 349.25 | OK | |||
r-devel-linux-x86_64-fedora-gcc | 0.7.3 | 313.69 | OK | |||
r-devel-windows-x86_64 | 0.7.3 | 19.00 | 194.00 | 213.00 | OK | |
r-patched-linux-x86_64 | 0.7.3 | 19.81 | 191.79 | 211.60 | OK | |
r-release-linux-x86_64 | 0.7.3 | 18.76 | 187.43 | 206.19 | OK | |
r-release-macos-arm64 | 0.7.3 | 83.00 | OK | |||
r-release-macos-x86_64 | 0.7.3 | 153.00 | OK | |||
r-release-windows-x86_64 | 0.7.3 | 20.00 | 194.00 | 214.00 | OK | |
r-oldrel-macos-arm64 | 0.7.3 | 81.00 | OK | |||
r-oldrel-macos-x86_64 | 0.7.3 | 147.00 | OK | |||
r-oldrel-windows-x86_64 | 0.7.3 | 27.00 | 252.00 | 279.00 | OK |
Version: 0.7.3
Check: HTML version of manual
Result: NOTE
Found the following HTML validation problems:
add_cif.html:105:1 (add_cif.Rd:53): Warning: missing </ul> before </div>
add_counterfactual_transitions.html:72:1 (add_counterfactual_transitions.Rd:26): Warning: missing </ul> before </div>
add_tdc.html:67:1 (add_tdc.Rd:21): Warning: missing </ul> before </div>
as.data.frame.crps.html:66:1 (as.data.frame.crps.Rd:23): Warning: missing </ul> before </div>
calc_ci.html:49:1 (calc_ci.Rd:11): Warning: missing </ul> before </div>
compute_cumu_diff.html:57:1 (compute_cumu_diff.Rd:15): Warning: missing </ul> before </div>
cumulative_coefficient.html:81:1 (cumulative_coefficient.Rd:29): Warning: missing </ul> before </div>
elra_matrix.html:59:1 (elra_matrix.Rd:23): Warning: missing </ul> before </div>
formula_helpers.html:50:1 (formula_helpers.Rd:13): Warning: missing </ul> before </div>
get_cumu_eff.html:79:1 (get_cumu_eff.Rd:32): Warning: missing </ul> before </div>
get_cumu_hazard.html:102:1 (get_cumu_hazard.Rd:52): Warning: missing </ul> before </div>
get_cumulative.html:61:1 (get_cumulative.Rd:20): Warning: missing </ul> before </div>
get_event_types.html:66:1 (get_event_types.Rd:24): Warning: missing </ul> before </div>
get_hazard.html:110:1 (get_hazard.Rd:58): Warning: missing </ul> before </div>
get_ped_form.html:52:1 (get_ped_form.Rd:14): Warning: missing </ul> before </div>
get_plotinfo.html:51:1 (get_plotinfo.Rd:12): Warning: missing </ul> before </div>
get_surv_prob.html:92:1 (get_surv_prob.Rd:44): Warning: missing </ul> before </div>
get_tdc_form.html:53:1 (get_tdc_form.Rd:15): Warning: missing </ul> before </div>
get_tdc_vars.html:48:1 (get_tdc_vars.Rd:10): Warning: missing </ul> before </div>
get_term.html:59:1 (get_term.Rd:17): Warning: missing </ul> before </div>
gg_partial.html:103:1 (gg_partial.Rd:56): Warning: missing </ul> before </div>
make_X.html:57:1 (make_X.Rd:19): Warning: missing </ul> before </div>
make_X.scam.html:52:1 (make_X.scam.Rd:13): Warning: missing </ul> before </div>
modus.html:46:1 (modus.Rd:10): Warning: missing </ul> before </div>
nest_tdc.html:66:1 (nest_tdc.Rd:24): Warning: missing </ul> before </div>
predictSurvProb.pamm.html:63:1 (predictSurvProb.pamm.Rd:20): Warning: missing </ul> before </div>
prep_concurrent.html:54:1 (prep_concurrent.Rd:16): Warning: missing </ul> before </div>
rpexp.html:58:1 (rpexp.Rd:16): Warning: missing </ul> before </div>
smooth.construct.fdl.smooth.spec.html:60:1 (smooth.construct.fdl.smooth.spec.Rd:14): Warning: missing </ul> before </div>
specials.html:94:1 (specials.Rd:44): Warning: missing </ul> before </div>
tidiers.html:59:1 (tidiers.Rd:17): Warning: missing </ul> before </div>
tidy_smooth2d.html:64:1 (tidy_smooth2d.Rd:22): Warning: missing </ul> before </div>
Flavor: r-devel-linux-x86_64-debian-gcc