CRAN Package Check Results for Package painter

Last updated on 2025-02-11 07:48:31 CET.

Flavor Version Tinstall Tcheck Ttotal Status Flags
r-devel-linux-x86_64-debian-clang 0.1.0 1.83 17.20 19.03 OK
r-devel-linux-x86_64-debian-gcc 0.1.0 1.48 13.72 15.20 OK
r-devel-linux-x86_64-fedora-clang 0.1.0 30.67 OK
r-devel-linux-x86_64-fedora-gcc 0.1.0 28.31 OK
r-devel-windows-x86_64 0.1.0 2.00 37.00 39.00 OK
r-patched-linux-x86_64 0.1.0 2.03 16.40 18.43 NOTE
r-release-linux-x86_64 0.1.0 1.79 16.30 18.09 NOTE
r-release-macos-arm64 0.1.0 14.00 NOTE
r-release-macos-x86_64 0.1.0 18.00 NOTE
r-release-windows-x86_64 0.1.0 3.00 36.00 39.00 NOTE
r-oldrel-macos-arm64 0.1.0 17.00 NOTE
r-oldrel-macos-x86_64 0.1.0 18.00 NOTE
r-oldrel-windows-x86_64 0.1.0 4.00 36.00 40.00 NOTE

Check Details

Version: 0.1.0
Check: LazyData
Result: NOTE 'LazyData' is specified without a 'data' directory Flavors: r-patched-linux-x86_64, r-release-linux-x86_64, r-release-macos-arm64, r-release-macos-x86_64, r-release-windows-x86_64, r-oldrel-macos-arm64, r-oldrel-macos-x86_64, r-oldrel-windows-x86_64