Last updated on 2025-11-01 07:48:46 CET.
| Flavor | Version | Tinstall | Tcheck | Ttotal | Status | Flags |
|---|---|---|---|---|---|---|
| r-devel-linux-x86_64-debian-clang | 1.0.13 | 116.87 | 130.54 | 247.41 | OK | |
| r-devel-linux-x86_64-debian-gcc | 1.0.13 | 74.33 | 90.86 | 165.19 | OK | |
| r-devel-windows-x86_64 | 1.0.13 | 134.00 | 156.00 | 290.00 | OK | |
| r-patched-linux-x86_64 | 1.0.13 | 116.68 | 122.18 | 238.86 | OK | |
| r-release-linux-x86_64 | 1.0.13 | 105.42 | 124.06 | 229.48 | OK | |
| r-release-macos-arm64 | 1.0.13 | 40.00 | 48.00 | 88.00 | OK | |
| r-release-macos-x86_64 | 1.0.13 | 50.00 | 96.00 | 146.00 | OK | |
| r-release-windows-x86_64 | 1.0.13 | 133.00 | 158.00 | 291.00 | OK | |
| r-oldrel-macos-arm64 | 1.0.13 | 45.00 | 56.00 | 101.00 | NOTE | |
| r-oldrel-macos-x86_64 | 1.0.13 | 54.00 | 100.00 | 154.00 | NOTE | |
| r-oldrel-windows-x86_64 | 1.0.13 | 161.00 | 195.00 | 356.00 | OK |
Version: 1.0.13
Check: package dependencies
Result: NOTE
Packages suggested but not available for checking:
'org.Dr.eg.db', 'org.Mm.eg.db'
Flavor: r-oldrel-macos-arm64
Version: 1.0.13
Check: installed package size
Result: NOTE
installed size is 7.0Mb
sub-directories of 1Mb or more:
libs 5.2Mb
Flavors: r-oldrel-macos-arm64, r-oldrel-macos-x86_64