Last updated on 2024-07-26 07:51:57 CEST.
Flavor | Version | Tinstall | Tcheck | Ttotal | Status | Flags |
---|---|---|---|---|---|---|
r-devel-linux-x86_64-debian-clang | 0.5.1 | 4.55 | 37.65 | 42.20 | OK | |
r-devel-linux-x86_64-debian-gcc | 0.5.1 | 2.58 | 28.09 | 30.67 | OK | |
r-devel-linux-x86_64-fedora-clang | 0.5.1 | 54.95 | NOTE | |||
r-devel-linux-x86_64-fedora-gcc | 0.5.1 | 50.46 | OK | |||
r-devel-windows-x86_64 | 0.5.1 | 6.00 | 56.00 | 62.00 | OK | |
r-patched-linux-x86_64 | 0.5.1 | OK | ||||
r-release-linux-x86_64 | 0.5.1 | 3.65 | 35.26 | 38.91 | OK | |
r-release-macos-arm64 | 0.5.1 | 20.00 | OK | |||
r-release-macos-x86_64 | 0.5.1 | 37.00 | OK | |||
r-release-windows-x86_64 | 0.5.1 | 5.00 | 56.00 | 61.00 | OK | |
r-oldrel-macos-arm64 | 0.5.1 | 20.00 | OK | |||
r-oldrel-macos-x86_64 | 0.5.1 | 30.00 | OK | |||
r-oldrel-windows-x86_64 | 0.5.1 | 6.00 | 184.00 | 190.00 | OK |
Version: 0.5.1
Check: Rd cross-references
Result: NOTE
Undeclared package ‘devtools’ in Rd xrefs
Flavor: r-devel-linux-x86_64-fedora-clang