Last updated on 2025-02-17 07:50:42 CET.
Flavor | Version | Tinstall | Tcheck | Ttotal | Status | Flags |
---|---|---|---|---|---|---|
r-devel-linux-x86_64-debian-clang | 0.4.5 | 8.70 | 61.51 | 70.21 | OK | |
r-devel-linux-x86_64-debian-gcc | 0.4.5 | 7.11 | 45.45 | 52.56 | OK | |
r-devel-linux-x86_64-fedora-clang | 0.4.5 | 112.17 | OK | |||
r-devel-linux-x86_64-fedora-gcc | 0.4.5 | 124.85 | OK | |||
r-devel-macos-arm64 | 0.4.5 | 44.00 | OK | |||
r-devel-macos-x86_64 | 0.4.5 | 85.00 | OK | |||
r-devel-windows-x86_64 | 0.4.5 | 11.00 | 81.00 | 92.00 | OK | |
r-patched-linux-x86_64 | 0.4.5 | 8.35 | 57.87 | 66.22 | OK | |
r-release-linux-x86_64 | 0.4.5 | 8.15 | 58.18 | 66.33 | OK | |
r-release-macos-arm64 | 0.4.5 | 41.00 | OK | |||
r-release-macos-x86_64 | 0.4.5 | 61.00 | OK | |||
r-release-windows-x86_64 | 0.4.5 | 11.00 | 76.00 | 87.00 | OK | |
r-oldrel-macos-arm64 | 0.4.5 | 42.00 | NOTE | |||
r-oldrel-macos-x86_64 | 0.4.5 | 72.00 | OK | |||
r-oldrel-windows-x86_64 | 0.4.5 | 12.00 | 109.00 | 121.00 | OK |
Version: 0.4.5
Check: installed package size
Result: NOTE
installed size is 5.1Mb
sub-directories of 1Mb or more:
data 4.0Mb
Flavor: r-oldrel-macos-arm64