Last updated on 2024-05-13 07:50:10 CEST.
Flavor | Version | Tinstall | Tcheck | Ttotal | Status | Flags |
---|---|---|---|---|---|---|
r-devel-linux-x86_64-debian-clang | 1.0.0 | 4.61 | 39.36 | 43.97 | OK | |
r-devel-linux-x86_64-debian-gcc | 1.0.0 | 5.04 | 29.71 | 34.75 | OK | |
r-devel-linux-x86_64-fedora-clang | 1.0.0 | 57.00 | NOTE | |||
r-devel-linux-x86_64-fedora-gcc | 1.0.0 | 61.38 | NOTE | |||
r-devel-windows-x86_64 | 1.0.0 | 6.00 | 55.00 | 61.00 | OK | |
r-patched-linux-x86_64 | 1.0.0 | 6.47 | 37.81 | 44.28 | OK | |
r-release-linux-x86_64 | 1.0.0 | 5.73 | 37.37 | 43.10 | OK | |
r-release-macos-arm64 | 1.0.0 | 22.00 | OK | |||
r-release-windows-x86_64 | 1.0.0 | 7.00 | 53.00 | 60.00 | OK | |
r-oldrel-macos-arm64 | 1.0.0 | 25.00 | OK | |||
r-oldrel-macos-x86_64 | 1.0.0 | 30.00 | OK | |||
r-oldrel-windows-x86_64 | 1.0.0 | 8.00 | 58.00 | 66.00 | OK |
Version: 1.0.0
Check: dependencies in R code
Result: NOTE
Namespaces in Imports field not imported from:
‘Rdpack’ ‘astsa’
All declared Imports should be used.
Flavors: r-devel-linux-x86_64-fedora-clang, r-devel-linux-x86_64-fedora-gcc