Last updated on 2024-05-11 07:51:37 CEST.
Flavor | Version | Tinstall | Tcheck | Ttotal | Status | Flags |
---|---|---|---|---|---|---|
r-devel-linux-x86_64-debian-clang | 0.2.5 | 12.70 | 107.60 | 120.30 | NOTE | |
r-devel-linux-x86_64-debian-gcc | 0.2.5 | 9.28 | 78.60 | 87.88 | NOTE | |
r-devel-linux-x86_64-fedora-clang | 0.2.5 | 148.66 | NOTE | |||
r-devel-linux-x86_64-fedora-gcc | 0.2.5 | 196.19 | NOTE | |||
r-devel-windows-x86_64 | 0.2.5 | 12.00 | 83.00 | 95.00 | NOTE | |
r-patched-linux-x86_64 | 0.2.5 | 13.78 | 100.35 | 114.13 | NOTE | |
r-release-linux-x86_64 | 0.2.5 | 11.00 | 100.33 | 111.33 | NOTE | |
r-release-macos-arm64 | 0.2.5 | 40.00 | NOTE | |||
r-release-windows-x86_64 | 0.2.5 | 13.00 | 86.00 | 99.00 | NOTE | |
r-oldrel-macos-arm64 | 0.2.5 | 45.00 | NOTE | |||
r-oldrel-macos-x86_64 | 0.2.5 | 74.00 | NOTE | |||
r-oldrel-windows-x86_64 | 0.2.5 | 17.00 | 103.00 | 120.00 | NOTE |
Version: 0.2.5
Check: package subdirectories
Result: NOTE
Problems with news in ‘NEWS.md’:
No news entries found.
Flavors: r-devel-linux-x86_64-debian-clang, r-devel-linux-x86_64-debian-gcc, r-devel-linux-x86_64-fedora-clang, r-devel-linux-x86_64-fedora-gcc, r-devel-windows-x86_64, r-patched-linux-x86_64, r-release-linux-x86_64, r-release-macos-arm64, r-release-windows-x86_64, r-oldrel-macos-arm64, r-oldrel-macos-x86_64, r-oldrel-windows-x86_64
Version: 0.2.5
Check: LazyData
Result: NOTE
'LazyData' is specified without a 'data' directory
Flavors: r-devel-linux-x86_64-debian-clang, r-devel-linux-x86_64-debian-gcc, r-devel-linux-x86_64-fedora-clang, r-devel-linux-x86_64-fedora-gcc, r-devel-windows-x86_64, r-patched-linux-x86_64, r-release-linux-x86_64, r-release-macos-arm64, r-release-windows-x86_64, r-oldrel-macos-arm64, r-oldrel-macos-x86_64, r-oldrel-windows-x86_64