CRAN Package Check Results for Package optional

Last updated on 2025-07-01 07:50:19 CEST.

Flavor Version Tinstall Tcheck Ttotal Status Flags
r-devel-linux-x86_64-debian-clang 2.0.1 1.69 23.07 24.76 NOTE
r-devel-linux-x86_64-debian-gcc 2.0.1 1.36 19.63 20.99 NOTE
r-devel-linux-x86_64-fedora-clang 2.0.1 40.43 OK
r-devel-linux-x86_64-fedora-gcc 2.0.1 48.19 OK
r-devel-windows-x86_64 2.0.1 2.00 46.00 48.00 OK
r-patched-linux-x86_64 OK
r-release-linux-x86_64 2.0.1 1.66 22.08 23.74 OK
r-release-macos-arm64 2.0.1 23.00 OK
r-release-macos-x86_64 2.0.1 39.00 OK
r-release-windows-x86_64 2.0.1 2.00 45.00 47.00 OK
r-oldrel-macos-arm64 2.0.1 25.00 OK
r-oldrel-macos-x86_64 2.0.1 29.00 OK
r-oldrel-windows-x86_64 2.0.1 2.00 50.00 52.00 OK

Check Details

Version: 2.0.1
Check: CRAN incoming feasibility
Result: NOTE Maintainer: ‘Antoine Champion <antoine.champion@outlook.com>’ No Authors@R field in DESCRIPTION. Please add one, modifying Authors@R: person(given = "Antoine", family = "Champion", role = c("aut", "cre"), email = "antoine.champion@outlook.com") as necessary. Flavors: r-devel-linux-x86_64-debian-clang, r-devel-linux-x86_64-debian-gcc