CRAN Package Check Results for Package optical

Last updated on 2025-02-11 07:48:30 CET.

Flavor Version Tinstall Tcheck Ttotal Status Flags
r-devel-linux-x86_64-debian-clang 1.7.1 4.34 64.40 68.74 NOTE
r-devel-linux-x86_64-debian-gcc 1.7.1 2.67 38.56 41.23 NOTE
r-devel-linux-x86_64-fedora-clang 1.7.1 115.31 NOTE
r-devel-linux-x86_64-fedora-gcc 1.7.1 105.90 NOTE
r-devel-windows-x86_64 1.7.1 7.00 70.00 77.00 NOTE
r-patched-linux-x86_64 1.7.1 3.66 62.73 66.39 NOTE
r-release-linux-x86_64 1.7.1 3.95 59.09 63.04 NOTE
r-release-macos-arm64 1.7.1 28.00 NOTE
r-release-macos-x86_64 1.7.1 40.00 NOTE
r-release-windows-x86_64 1.7.1 5.00 68.00 73.00 NOTE
r-oldrel-macos-arm64 1.7.1 31.00 OK
r-oldrel-macos-x86_64 1.7.1 81.00 OK
r-oldrel-windows-x86_64 1.7.1 5.00 83.00 88.00 OK

Check Details

Version: 1.7.1
Check: Rd files
Result: NOTE checkRd: (-1) drawdesign.Rd:39: Lost braces in \itemize; meant \describe ? checkRd: (-1) drawdesign.Rd:40: Lost braces in \itemize; meant \describe ? checkRd: (-1) drawdesign.Rd:41: Lost braces in \itemize; meant \describe ? checkRd: (-1) drawdesign.Rd:42: Lost braces in \itemize; meant \describe ? checkRd: (-1) drawdesign.Rd:43: Lost braces in \itemize; meant \describe ? checkRd: (-1) drawdesign.Rd:44: Lost braces in \itemize; meant \describe ? Flavors: r-devel-linux-x86_64-debian-clang, r-devel-linux-x86_64-debian-gcc, r-devel-linux-x86_64-fedora-clang, r-devel-linux-x86_64-fedora-gcc, r-devel-windows-x86_64, r-patched-linux-x86_64, r-release-linux-x86_64, r-release-macos-arm64, r-release-macos-x86_64, r-release-windows-x86_64