Last updated on 2025-11-01 07:48:45 CET.
| Flavor | Version | Tinstall | Tcheck | Ttotal | Status | Flags |
|---|---|---|---|---|---|---|
| r-devel-linux-x86_64-debian-clang | 2.0.12 | 299.52 | 183.19 | 482.71 | OK | |
| r-devel-linux-x86_64-debian-gcc | 2.0.12 | 243.71 | 145.91 | 389.62 | OK | |
| r-devel-linux-x86_64-fedora-clang | 2.0.12 | 149.00 | 628.63 | 777.63 | OK | |
| r-devel-linux-x86_64-fedora-gcc | 2.0.12 | 163.00 | 760.03 | 923.03 | OK | |
| r-devel-windows-x86_64 | 2.0.12 | 294.00 | 263.00 | 557.00 | OK | |
| r-patched-linux-x86_64 | 2.0.12 | 340.13 | 196.25 | 536.38 | OK | |
| r-release-linux-x86_64 | 2.0.12 | 335.73 | 208.81 | 544.54 | OK | |
| r-release-macos-arm64 | 2.0.12 | 130.00 | 98.00 | 228.00 | OK | |
| r-release-macos-x86_64 | 2.0.12 | 97.00 | 219.00 | 316.00 | OK | |
| r-release-windows-x86_64 | 2.0.12 | 300.00 | 254.00 | 554.00 | OK | |
| r-oldrel-macos-arm64 | 2.0.12 | 121.00 | 93.00 | 214.00 | NOTE | |
| r-oldrel-macos-x86_64 | 2.0.12 | 150.00 | 320.00 | 470.00 | NOTE | |
| r-oldrel-windows-x86_64 | 2.0.12 | 352.00 | 352.00 | 704.00 | OK |
Version: 2.0.12
Check: installed package size
Result: NOTE
installed size is 99.1Mb
sub-directories of 1Mb or more:
libs 98.0Mb
Flavors: r-oldrel-macos-arm64, r-oldrel-macos-x86_64