Last updated on 2025-06-30 07:49:26 CEST.
Flavor | Version | Tinstall | Tcheck | Ttotal | Status | Flags |
---|---|---|---|---|---|---|
r-devel-linux-x86_64-debian-clang | 1.8.5 | 45.79 | 226.12 | 271.91 | OK | |
r-devel-linux-x86_64-debian-gcc | 1.8.5 | 28.34 | 148.19 | 176.53 | OK | |
r-devel-linux-x86_64-fedora-clang | 1.8.5 | 445.72 | OK | |||
r-devel-linux-x86_64-fedora-gcc | 1.8.5 | 420.04 | OK | |||
r-devel-windows-x86_64 | 1.8.5 | 47.00 | 202.00 | 249.00 | OK | |
r-patched-linux-x86_64 | OK | |||||
r-release-linux-x86_64 | 1.8.5 | 44.14 | 210.54 | 254.68 | OK | |
r-release-macos-arm64 | 1.8.5 | 94.00 | OK | |||
r-release-macos-x86_64 | 1.8.5 | 201.00 | OK | |||
r-release-windows-x86_64 | 1.8.5 | 48.00 | 191.00 | 239.00 | OK | |
r-oldrel-macos-arm64 | 1.8.5 | 98.00 | NOTE | |||
r-oldrel-macos-x86_64 | 1.8.5 | 166.00 | NOTE | |||
r-oldrel-windows-x86_64 | 1.8.5 | 61.00 | 255.00 | 316.00 | NOTE |
Version: 1.8.5
Check: installed package size
Result: NOTE
installed size is 10.1Mb
sub-directories of 1Mb or more:
R 2.0Mb
doc 5.7Mb
extdata 1.6Mb
Flavors: r-oldrel-macos-arm64, r-oldrel-macos-x86_64, r-oldrel-windows-x86_64