Last updated on 2024-05-11 07:51:37 CEST.
Flavor | Version | Tinstall | Tcheck | Ttotal | Status | Flags |
---|---|---|---|---|---|---|
r-devel-linux-x86_64-debian-clang | 0.5-7 | 4.99 | 95.15 | 100.14 | OK | |
r-devel-linux-x86_64-debian-gcc | 0.5-7 | 3.00 | 77.72 | 80.72 | OK | |
r-devel-linux-x86_64-fedora-clang | 0.5-7 | 133.86 | OK | |||
r-devel-linux-x86_64-fedora-gcc | 0.5-7 | 178.12 | OK | |||
r-devel-windows-x86_64 | 0.5-7 | 7.00 | 107.00 | 114.00 | OK | |
r-patched-linux-x86_64 | 0.5-7 | 3.56 | 61.77 | 65.33 | NOTE | |
r-release-linux-x86_64 | 0.5-6 | 3.91 | 62.43 | 66.34 | NOTE | |
r-release-macos-arm64 | 0.5-7 | 62.00 | OK | |||
r-release-macos-x86_64 | 0.5-7 | 150.00 | OK | |||
r-release-windows-x86_64 | 0.5-7 | 8.00 | 109.00 | 117.00 | OK | |
r-oldrel-macos-arm64 | 0.5-7 | 54.00 | OK | |||
r-oldrel-macos-x86_64 | 0.5-7 | 115.00 | OK | |||
r-oldrel-windows-x86_64 | 0.5-7 | 6.00 | 117.00 | 123.00 | OK |
Version: 0.5-7
Check: package dependencies
Result: NOTE
Package suggested but not available for checking: ‘tidySEM’
Flavor: r-patched-linux-x86_64
Version: 0.5-6
Check: package dependencies
Result: NOTE
Package suggested but not available for checking: ‘tidySEM’
Flavor: r-release-linux-x86_64