Last updated on 2024-07-26 07:51:57 CEST.
Flavor | Version | Tinstall | Tcheck | Ttotal | Status | Flags |
---|---|---|---|---|---|---|
r-devel-linux-x86_64-debian-clang | 0.4.7 | 8.72 | 71.70 | 80.42 | OK | |
r-devel-linux-x86_64-debian-gcc | 0.4.7 | 5.65 | 54.01 | 59.66 | OK | |
r-devel-linux-x86_64-fedora-clang | 0.4.7 | 102.16 | OK | |||
r-devel-linux-x86_64-fedora-gcc | 0.4.7 | 106.67 | OK | |||
r-devel-windows-x86_64 | 0.4.7 | 9.00 | 71.00 | 80.00 | ERROR | |
r-patched-linux-x86_64 | 0.4.7 | OK | ||||
r-release-linux-x86_64 | 0.4.7 | 6.51 | 68.45 | 74.96 | OK | |
r-release-macos-arm64 | 0.4.7 | 44.00 | ERROR | |||
r-release-macos-x86_64 | 0.4.7 | 69.00 | OK | |||
r-release-windows-x86_64 | 0.4.7 | 8.00 | 75.00 | 83.00 | OK | |
r-oldrel-macos-arm64 | 0.4.7 | 38.00 | OK | |||
r-oldrel-macos-x86_64 | 0.4.7 | 62.00 | OK | |||
r-oldrel-windows-x86_64 | 0.4.7 | 10.00 | 87.00 | 97.00 | OK |
Version: 0.4.7
Check: re-building of vignette outputs
Result: ERROR
Error(s) in re-building vignettes:
--- re-building 'introduction.Rmd' using rmarkdown
Quitting from lines 41-45 [specific-dataset] (introduction.Rmd)
Error: processing vignette 'introduction.Rmd' failed with diagnostics:
cannot open the connection to 'https://www.nomisweb.co.uk/api/v01/dataset/NM_893_1/def.sdmx.json'
--- failed re-building 'introduction.Rmd'
SUMMARY: processing the following file failed:
'introduction.Rmd'
Error: Vignette re-building failed.
Execution halted
Flavor: r-devel-windows-x86_64
Version: 0.4.7
Check: re-building of vignette outputs
Result: ERROR
Error(s) in re-building vignettes:
...
--- re-building ‘introduction.Rmd’ using rmarkdown
Quitting from lines 41-45 [specific-dataset] (introduction.Rmd)
Error: processing vignette 'introduction.Rmd' failed with diagnostics:
Timeout was reached: [www.nomisweb.co.uk] SSL connection timeout
--- failed re-building ‘introduction.Rmd’
SUMMARY: processing the following file failed:
‘introduction.Rmd’
Error: Vignette re-building failed.
Execution halted
Flavor: r-release-macos-arm64