Last updated on 2024-07-26 07:51:56 CEST.
Flavor | Version | Tinstall | Tcheck | Ttotal | Status | Flags |
---|---|---|---|---|---|---|
r-devel-linux-x86_64-debian-clang | 1.0.2 | 20.57 | 252.44 | 273.01 | NOTE | |
r-devel-linux-x86_64-debian-gcc | 1.0.2 | 17.82 | 184.73 | 202.55 | NOTE | |
r-devel-linux-x86_64-fedora-clang | 1.0.2 | 371.50 | NOTE | |||
r-devel-linux-x86_64-fedora-gcc | 1.0.2 | 334.82 | NOTE | |||
r-devel-windows-x86_64 | 1.0.2 | 22.00 | 211.00 | 233.00 | NOTE | |
r-patched-linux-x86_64 | 1.0.2 | NOTE | ||||
r-release-linux-x86_64 | 1.0.2 | 16.11 | 234.54 | 250.65 | NOTE | |
r-release-macos-arm64 | 1.0.2 | 87.00 | NOTE | |||
r-release-macos-x86_64 | 1.0.2 | 137.00 | NOTE | |||
r-release-windows-x86_64 | 1.0.2 | 22.00 | 206.00 | 228.00 | NOTE | |
r-oldrel-macos-arm64 | 1.0.2 | 98.00 | OK | |||
r-oldrel-macos-x86_64 | 1.0.2 | 180.00 | OK | |||
r-oldrel-windows-x86_64 | 1.0.2 | 29.00 | 264.00 | 293.00 | OK |
Version: 1.0.2
Check: Rd files
Result: NOTE
checkRd: (-1) imp_int_an.Rd:24: Lost braces in \itemize; meant \describe ?
checkRd: (-1) imp_int_an.Rd:25: Lost braces in \itemize; meant \describe ?
checkRd: (-1) plot.ndmodel.Rd:16: Lost braces in \itemize; meant \describe ?
checkRd: (-1) plot.ndmodel.Rd:17: Lost braces in \itemize; meant \describe ?
checkRd: (-1) plot.ndmodel.Rd:18: Lost braces in \itemize; meant \describe ?
Flavors: r-devel-linux-x86_64-debian-clang, r-devel-linux-x86_64-debian-gcc, r-devel-linux-x86_64-fedora-clang, r-devel-linux-x86_64-fedora-gcc, r-devel-windows-x86_64, r-patched-linux-x86_64, r-release-linux-x86_64, r-release-macos-arm64, r-release-macos-x86_64, r-release-windows-x86_64