Last updated on 2025-02-17 07:50:41 CET.
Flavor | Version | Tinstall | Tcheck | Ttotal | Status | Flags |
---|---|---|---|---|---|---|
r-devel-linux-x86_64-debian-clang | 3.0.1 | 31.25 | 86.65 | 117.90 | NOTE | |
r-devel-linux-x86_64-debian-gcc | 3.0.1 | 19.44 | 60.14 | 79.58 | NOTE | |
r-devel-linux-x86_64-fedora-clang | 3.0.1 | 207.03 | NOTE | |||
r-devel-linux-x86_64-fedora-gcc | 3.0.2 | 192.61 | OK | |||
r-devel-macos-arm64 | 3.0.1 | 53.00 | OK | |||
r-devel-macos-x86_64 | 3.0.1 | 118.00 | NOTE | |||
r-devel-windows-x86_64 | 3.0.1 | 47.00 | 111.00 | 158.00 | NOTE | |
r-patched-linux-x86_64 | 3.0.1 | 30.41 | 80.85 | 111.26 | OK | |
r-release-linux-x86_64 | 3.0.1 | 28.68 | 80.61 | 109.29 | OK | |
r-release-macos-arm64 | 3.0.1 | 54.00 | OK | |||
r-release-macos-x86_64 | 3.0.1 | 91.00 | OK | |||
r-release-windows-x86_64 | 3.0.1 | 47.00 | 112.00 | 159.00 | OK | |
r-oldrel-macos-arm64 | 3.0.1 | 59.00 | OK | |||
r-oldrel-macos-x86_64 | 3.0.2 | 98.00 | OK | |||
r-oldrel-windows-x86_64 | 3.0.1 | 55.00 | 163.00 | 218.00 | OK |
Version: 3.0.1
Check: DESCRIPTION meta-information
Result: NOTE
Missing dependency on R >= 4.1.0 because package code uses the pipe
|> or function shorthand \(...) syntax added in R 4.1.0.
File(s) using such syntax:
‘profile.R’
Flavors: r-devel-linux-x86_64-debian-clang, r-devel-linux-x86_64-debian-gcc, r-devel-linux-x86_64-fedora-clang, r-devel-macos-x86_64, r-devel-windows-x86_64