CRAN Package Check Results for Package nhlapi

Last updated on 2025-02-19 07:53:52 CET.

Flavor Version Tinstall Tcheck Ttotal Status Flags
r-devel-linux-x86_64-debian-clang 0.1.4 3.42 42.54 45.96 OK
r-devel-linux-x86_64-debian-gcc 0.1.4 2.52 31.92 34.44 OK
r-devel-linux-x86_64-fedora-clang 0.1.4 75.73 OK
r-devel-linux-x86_64-fedora-gcc 0.1.4 102.80 OK
r-devel-macos-arm64 0.1.4 81.00 OK
r-devel-macos-x86_64 0.1.4 124.00 OK
r-devel-windows-x86_64 0.1.4 5.00 93.00 98.00 OK
r-patched-linux-x86_64 0.1.4 3.88 40.81 44.69 NOTE
r-release-linux-x86_64 0.1.4 3.46 39.55 43.01 NOTE
r-release-macos-arm64 0.1.4 57.00 NOTE
r-release-macos-x86_64 0.1.4 98.00 NOTE
r-release-windows-x86_64 0.1.4 4.00 97.00 101.00 NOTE
r-oldrel-macos-arm64 0.1.4 43.00 NOTE
r-oldrel-macos-x86_64 0.1.4 83.00 NOTE
r-oldrel-windows-x86_64 0.1.4 4.00 112.00 116.00 NOTE

Check Details

Version: 0.1.4
Check: LazyData
Result: NOTE 'LazyData' is specified without a 'data' directory Flavors: r-patched-linux-x86_64, r-release-linux-x86_64, r-release-macos-arm64, r-release-macos-x86_64, r-release-windows-x86_64, r-oldrel-macos-arm64, r-oldrel-macos-x86_64, r-oldrel-windows-x86_64