Last updated on 2024-07-26 07:51:56 CEST.
Flavor | Version | Tinstall | Tcheck | Ttotal | Status | Flags |
---|---|---|---|---|---|---|
r-devel-linux-x86_64-debian-clang | 1.0.0 | 34.16 | 362.11 | 396.27 | NOTE | |
r-devel-linux-x86_64-debian-gcc | 1.0.0 | 21.12 | 272.16 | 293.28 | NOTE | |
r-devel-linux-x86_64-fedora-clang | 1.0.0 | 536.49 | NOTE | |||
r-devel-linux-x86_64-fedora-gcc | 1.0.0 | 496.74 | NOTE | |||
r-devel-windows-x86_64 | 1.0.0 | 29.00 | 459.00 | 488.00 | NOTE | |
r-patched-linux-x86_64 | 1.0.0 | NOTE | ||||
r-release-linux-x86_64 | 1.0.0 | 30.40 | 353.77 | 384.17 | NOTE | |
r-release-macos-arm64 | 1.0.0 | 130.00 | NOTE | |||
r-release-macos-x86_64 | 1.0.0 | 264.00 | NOTE | |||
r-release-windows-x86_64 | 1.0.0 | 35.00 | 484.00 | 519.00 | NOTE | |
r-oldrel-macos-arm64 | 1.0.0 | 175.00 | OK | |||
r-oldrel-macos-x86_64 | 1.0.0 | 292.00 | OK | |||
r-oldrel-windows-x86_64 | 1.0.0 | 36.00 | 552.00 | 588.00 | OK |
Version: 1.0.0
Check: Rd files
Result: NOTE
checkRd: (-1) spec_clust.Rd:33: Lost braces; missing escapes or markup?
33 | A label vector of size n x 1 with elements in {1,2,...,K}
| ^
Flavors: r-devel-linux-x86_64-debian-clang, r-devel-linux-x86_64-debian-gcc, r-devel-linux-x86_64-fedora-clang, r-devel-linux-x86_64-fedora-gcc, r-devel-windows-x86_64, r-patched-linux-x86_64, r-release-linux-x86_64, r-release-macos-arm64, r-release-macos-x86_64, r-release-windows-x86_64