CRAN Package Check Results for Package neatmaps

Last updated on 2025-06-30 07:49:26 CEST.

Flavor Version Tinstall Tcheck Ttotal Status Flags
r-devel-linux-x86_64-debian-clang 2.1.0 8.02 81.95 89.97 OK
r-devel-linux-x86_64-debian-gcc 2.1.0 6.94 58.71 65.65 OK
r-devel-linux-x86_64-fedora-clang 2.1.0 139.86 OK
r-devel-linux-x86_64-fedora-gcc 2.1.0 128.21 OK
r-devel-windows-x86_64 2.1.0 10.00 91.00 101.00 OK
r-patched-linux-x86_64 OK
r-release-linux-x86_64 2.1.0 7.20 74.46 81.66 OK
r-release-macos-arm64 2.1.0 66.00 OK
r-release-macos-x86_64 2.1.0 97.00 OK
r-release-windows-x86_64 2.1.0 12.00 89.00 101.00 OK
r-oldrel-macos-arm64 2.1.0 40.00 NOTE
r-oldrel-macos-x86_64 2.1.0 57.00 NOTE
r-oldrel-windows-x86_64 2.1.0 13.00 110.00 123.00 NOTE

Check Details

Version: 2.1.0
Check: installed package size
Result: NOTE installed size is 6.3Mb Flavors: r-oldrel-macos-arm64, r-oldrel-macos-x86_64, r-oldrel-windows-x86_64