Last updated on 2024-07-26 07:51:56 CEST.
Flavor | Version | Tinstall | Tcheck | Ttotal | Status | Flags |
---|---|---|---|---|---|---|
r-devel-linux-x86_64-debian-clang | 0.3.0 | 12.95 | 105.35 | 118.30 | NOTE | |
r-devel-linux-x86_64-debian-gcc | 0.3.0 | 10.86 | 78.03 | 88.89 | NOTE | |
r-devel-linux-x86_64-fedora-clang | 0.3.0 | 151.35 | NOTE | |||
r-devel-linux-x86_64-fedora-gcc | 0.3.0 | 153.38 | NOTE | |||
r-devel-windows-x86_64 | 0.3.0 | 15.00 | 89.00 | 104.00 | NOTE | |
r-patched-linux-x86_64 | 0.3.0 | NOTE | ||||
r-release-linux-x86_64 | 0.3.0 | 9.45 | 96.88 | 106.33 | NOTE | |
r-release-macos-arm64 | 0.3.0 | 49.00 | NOTE | |||
r-release-macos-x86_64 | 0.3.0 | 79.00 | NOTE | |||
r-release-windows-x86_64 | 0.3.0 | 14.00 | 90.00 | 104.00 | NOTE | |
r-oldrel-macos-arm64 | 0.3.0 | 55.00 | NOTE | |||
r-oldrel-macos-x86_64 | 0.3.0 | 70.00 | NOTE | |||
r-oldrel-windows-x86_64 | 0.3.0 | 18.00 | 105.00 | 123.00 | NOTE |
Version: 0.3.0
Check: LazyData
Result: NOTE
'LazyData' is specified without a 'data' directory
Flavors: r-devel-linux-x86_64-debian-clang, r-devel-linux-x86_64-debian-gcc, r-devel-linux-x86_64-fedora-clang, r-devel-linux-x86_64-fedora-gcc, r-devel-windows-x86_64, r-patched-linux-x86_64, r-release-linux-x86_64, r-release-macos-arm64, r-release-macos-x86_64, r-release-windows-x86_64, r-oldrel-macos-arm64, r-oldrel-macos-x86_64, r-oldrel-windows-x86_64
Version: 0.3.0
Check: dependencies in R code
Result: NOTE
Namespace in Imports field not imported from: ‘bookdown’
All declared Imports should be used.
Flavors: r-devel-linux-x86_64-fedora-clang, r-devel-linux-x86_64-fedora-gcc