Last updated on 2024-07-26 07:51:56 CEST.
Flavor | Version | Tinstall | Tcheck | Ttotal | Status | Flags |
---|---|---|---|---|---|---|
r-devel-linux-x86_64-debian-clang | 1.0 | 7.62 | 90.97 | 98.59 | OK | |
r-devel-linux-x86_64-debian-gcc | 1.0 | 8.11 | 67.87 | 75.98 | NOTE | |
r-devel-linux-x86_64-fedora-clang | 1.0 | 121.93 | OK | |||
r-devel-linux-x86_64-fedora-gcc | 1.0 | 117.48 | OK | |||
r-devel-windows-x86_64 | 1.0 | 9.00 | 83.00 | 92.00 | NOTE | |
r-patched-linux-x86_64 | 1.0 | OK | ||||
r-release-linux-x86_64 | 1.0 | 8.34 | 86.03 | 94.37 | OK | |
r-release-macos-arm64 | 1.0 | 36.00 | OK | |||
r-release-macos-x86_64 | 1.0 | 53.00 | OK | |||
r-release-windows-x86_64 | 1.0 | 9.00 | 82.00 | 91.00 | OK | |
r-oldrel-macos-arm64 | 1.0 | 45.00 | OK | |||
r-oldrel-macos-x86_64 | 1.0 | 96.00 | OK | |||
r-oldrel-windows-x86_64 | 1.0 | 12.00 | 104.00 | 116.00 | OK |
Version: 1.0
Check: Rd cross-references
Result: NOTE
Found the following Rd file(s) with Rd \link{} targets missing package
anchors:
el.test1.Rd: el.test
Please provide package anchors for all Rd \link{} targets not in the
package itself and the base packages.
Flavors: r-devel-linux-x86_64-debian-gcc, r-devel-windows-x86_64