Last updated on 2024-07-26 07:51:56 CEST.
Flavor | Version | Tinstall | Tcheck | Ttotal | Status | Flags |
---|---|---|---|---|---|---|
r-devel-linux-x86_64-debian-clang | 1.1.9 | 35.26 | 221.70 | 256.96 | OK | |
r-devel-linux-x86_64-debian-gcc | 1.1.9 | 30.10 | 157.23 | 187.33 | NOTE | |
r-devel-linux-x86_64-fedora-clang | 1.1.9 | 333.67 | OK | |||
r-devel-linux-x86_64-fedora-gcc | 1.1.9 | 414.33 | OK | |||
r-devel-windows-x86_64 | 1.1.9 | 38.00 | 159.00 | 197.00 | NOTE | |
r-patched-linux-x86_64 | 1.1.9 | OK | ||||
r-release-linux-x86_64 | 1.1.9 | 27.13 | 208.49 | 235.62 | OK | |
r-release-macos-arm64 | 1.1.9 | 106.00 | OK | |||
r-release-macos-x86_64 | 1.1.9 | 175.00 | OK | |||
r-release-windows-x86_64 | 1.1.9 | 37.00 | 161.00 | 198.00 | OK | |
r-oldrel-macos-arm64 | 1.1.9 | 120.00 | OK | |||
r-oldrel-macos-x86_64 | 1.1.9 | 212.00 | OK | |||
r-oldrel-windows-x86_64 | 1.1.9 | 47.00 | 210.00 | 257.00 | OK |
Version: 1.1.9
Check: Rd cross-references
Result: NOTE
Found the following Rd file(s) with Rd \link{} targets missing package
anchors:
mvBM.Rd: brownie.lite, evol.vcv, make.simmap, make.era.map,
paintSubTree
mvOU.Rd: make.simmap, make.era.map, paintSubTree
mvSHIFT.Rd: subplex, paintSubTree, make.era.map
Please provide package anchors for all Rd \link{} targets not in the
package itself and the base packages.
Flavors: r-devel-linux-x86_64-debian-gcc, r-devel-windows-x86_64